{"id":315,"date":"2024-11-27T19:16:18","date_gmt":"2024-11-27T19:16:18","guid":{"rendered":"https:\/\/www.uni-r.pt\/?page_id=315"},"modified":"2024-11-27T19:17:43","modified_gmt":"2024-11-27T19:17:43","slug":"ana-cristina-martins","status":"publish","type":"page","link":"https:\/\/www.uni-r.pt\/?page_id=315","title":{"rendered":"Ana Cristina Martins"},"content":{"rendered":"<div class=\"fusion-fullwidth fullwidth-box fusion-builder-row-1 fusion-flex-container has-pattern-background has-mask-background nonhundred-percent-fullwidth non-hundred-percent-height-scrolling\" style=\"--awb-border-radius-top-left:0px;--awb-border-radius-top-right:0px;--awb-border-radius-bottom-right:0px;--awb-border-radius-bottom-left:0px;--awb-flex-wrap:wrap;\" ><div class=\"fusion-builder-row fusion-row fusion-flex-align-items-flex-start fusion-flex-content-wrap\" style=\"max-width:1248px;margin-left: calc(-4% \/ 2 );margin-right: calc(-4% \/ 2 );\"><div class=\"fusion-layout-column fusion_builder_column fusion-builder-column-0 fusion_builder_column_1_3 1_3 fusion-flex-column\" style=\"--awb-bg-size:cover;--awb-width-large:33.333333333333%;--awb-margin-top-large:0px;--awb-spacing-right-large:5.76%;--awb-margin-bottom-large:20px;--awb-spacing-left-large:5.76%;--awb-width-medium:33.333333333333%;--awb-order-medium:0;--awb-spacing-right-medium:5.76%;--awb-spacing-left-medium:5.76%;--awb-width-small:100%;--awb-order-small:0;--awb-spacing-right-small:1.92%;--awb-spacing-left-small:1.92%;\"><div class=\"fusion-column-wrapper fusion-column-has-shadow fusion-flex-justify-content-flex-start fusion-content-layout-column\"><div class=\"fusion-video fusion-selfhosted-video\" style=\"max-width:100%;\"><div class=\"video-wrapper\"><video playsinline=\"true\" width=\"100%\" style=\"object-fit: cover;\" autoplay=\"true\" muted=\"true\" loop=\"true\" preload=\"auto\" controls=\"1\"><source src=\"http:\/\/www.uni-r.pt\/wp-content\/uploads\/2024\/11\/04_ANA-CRISTINA-MARTINS_PPV_corrigido-2.mp4\" type=\"video\/mp4\">Sorry, your browser doesn&#039;t support embedded videos.<\/video><\/div><\/div><\/div><\/div><div class=\"fusion-layout-column fusion_builder_column fusion-builder-column-1 fusion_builder_column_1_3 1_3 fusion-flex-column\" style=\"--awb-bg-size:cover;--awb-width-large:33.333333333333%;--awb-margin-top-large:0px;--awb-spacing-right-large:5.76%;--awb-margin-bottom-large:20px;--awb-spacing-left-large:5.76%;--awb-width-medium:33.333333333333%;--awb-order-medium:0;--awb-spacing-right-medium:5.76%;--awb-spacing-left-medium:5.76%;--awb-width-small:100%;--awb-order-small:0;--awb-spacing-right-small:1.92%;--awb-spacing-left-small:1.92%;\"><div class=\"fusion-column-wrapper fusion-column-has-shadow fusion-flex-justify-content-flex-start fusion-content-layout-column\"><div class=\"fusion-text fusion-text-1\"><p><strong>Ana Cristina Martins <\/strong>\u00e9 Doutorada em Psicologia (especialidade de Psicologia Social) pelo Ispa &#8211; Instituto Universit\u00e1rio, mestre em Comportamento Organizacional e licenciada em Psicologia. Psicoterapeuta em forma\u00e7\u00e3o na Sociedade Portuguesa de Psicoterapia Existencial.<\/p>\n<p>Desde 1992, assume as fun\u00e7\u00f5es de docente e investigadora no Ispa, onde lecionou unidades curriculares como Psicologia Social I e II, Psicologia das Rela\u00e7\u00f5es Interpessoais e Intergrupais, Din\u00e2micas de Grupo, Identidade, G\u00e9nero e Fam\u00edlia, Psicologia e \u00c9tica, Psicologia Ambiental, Semin\u00e1rio de Disserta\u00e7\u00e3o, Semin\u00e1rio de Est\u00e1gio.<\/p>\n<p>Para al\u00e9m disso, desde 2020, assume o cargo de Presidente do Conselho Pedag\u00f3gico do Ispa. Os seus interesses de investiga\u00e7\u00e3o versam sobre o estigma da doen\u00e7a mental e os processos de discrimina\u00e7\u00e3o social.<\/p>\n<\/div><\/div><\/div><div class=\"fusion-layout-column fusion_builder_column fusion-builder-column-2 fusion_builder_column_1_3 1_3 fusion-flex-column\" style=\"--awb-bg-size:cover;--awb-width-large:33.333333333333%;--awb-margin-top-large:0px;--awb-spacing-right-large:5.76%;--awb-margin-bottom-large:20px;--awb-spacing-left-large:5.76%;--awb-width-medium:33.333333333333%;--awb-order-medium:0;--awb-spacing-right-medium:5.76%;--awb-spacing-left-medium:5.76%;--awb-width-small:100%;--awb-order-small:0;--awb-spacing-right-small:1.92%;--awb-spacing-left-small:1.92%;\"><div class=\"fusion-column-wrapper fusion-column-has-shadow fusion-flex-justify-content-flex-start fusion-content-layout-column\"><div class=\"fusion-text fusion-text-2\"><p><strong>Ci\u00eancia ID:<\/strong><br \/>\n<a href=\"https:\/\/www.cienciavitae.pt\/\/5818-1163-2DAA\">https:\/\/www.cienciavitae.pt\/\/5818-1163-2DAA<\/a><\/p>\n<p><strong>ORCID:<\/strong><br \/>\n<a href=\"https:\/\/orcid.org\/0000-0002-5347-8978\">https:\/\/orcid.org\/0000-0002-5347-8978<\/a><\/p>\n<\/div><\/div><\/div><\/div><\/div>\n","protected":false},"excerpt":{"rendered":"","protected":false},"author":1,"featured_media":0,"parent":0,"menu_order":0,"comment_status":"closed","ping_status":"closed","template":"100-width.php","meta":{"_acf_changed":false,"footnotes":""},"class_list":["post-315","page","type-page","status-publish","hentry"],"acf":[],"_links":{"self":[{"href":"https:\/\/www.uni-r.pt\/index.php?rest_route=\/wp\/v2\/pages\/315","targetHints":{"allow":["GET"]}}],"collection":[{"href":"https:\/\/www.uni-r.pt\/index.php?rest_route=\/wp\/v2\/pages"}],"about":[{"href":"https:\/\/www.uni-r.pt\/index.php?rest_route=\/wp\/v2\/types\/page"}],"author":[{"embeddable":true,"href":"https:\/\/www.uni-r.pt\/index.php?rest_route=\/wp\/v2\/users\/1"}],"replies":[{"embeddable":true,"href":"https:\/\/www.uni-r.pt\/index.php?rest_route=%2Fwp%2Fv2%2Fcomments&post=315"}],"version-history":[{"count":3,"href":"https:\/\/www.uni-r.pt\/index.php?rest_route=\/wp\/v2\/pages\/315\/revisions"}],"predecessor-version":[{"id":319,"href":"https:\/\/www.uni-r.pt\/index.php?rest_route=\/wp\/v2\/pages\/315\/revisions\/319"}],"wp:attachment":[{"href":"https:\/\/www.uni-r.pt\/index.php?rest_route=%2Fwp%2Fv2%2Fmedia&parent=315"}],"curies":[{"name":"wp","href":"https:\/\/api.w.org\/{rel}","templated":true}]}}

<div class="fusion-fullwidth fullwidth-box fusion-builder-row-1 fusion-flex-container has-pattern-background has-mask-background nonhundred-percent-fullwidth non-hundred-percent-height-scrolling" style="--awb-border-radius-top-left:0px;--awb-border-radius-top-right:0px;--awb-border-radius-bottom-right:0px;--awb-border-radius-bottom-left:0px;--awb-flex-wrap:wrap;" ><div class="fusion-builder-row fusion-row fusion-flex-align-items-flex-start fusion-flex-content-wrap" style="max-width:1248px;margin-left: calc(-4% / 2 );margin-right: calc(-4% / 2 );"><div class="fusion-layout-column fusion_builder_column fusion-builder-column-0 fusion_builder_column_1_3 1_3 fusion-flex-column" style="--awb-bg-size:cover;--awb-width-large:33.333333333333%;--awb-margin-top-large:0px;--awb-spacing-right-large:5.76%;--awb-margin-bottom-large:20px;--awb-spacing-left-large:5.76%;--awb-width-medium:33.333333333333%;--awb-order-medium:0;--awb-spacing-right-medium:5.76%;--awb-spacing-left-medium:5.76%;--awb-width-small:100%;--awb-order-small:0;--awb-spacing-right-small:1.92%;--awb-spacing-left-small:1.92%;"><div class="fusion-column-wrapper fusion-column-has-shadow fusion-flex-justify-content-flex-start fusion-content-layout-column"><div class="fusion-video fusion-selfhosted-video" style="max-width:100%;"><div class="video-wrapper"><video playsinline="true" width="100%" style="object-fit: cover;" autoplay="true" muted="true" loop="true" preload="auto" controls="1"><source src="http://www.uni-r.pt/wp-content/uploads/2024/11/04_ANA-CRISTINA-MARTINS_PPV_corrigido-2.mp4" type="video/mp4">Sorry, your browser doesn&#039;t support embedded videos.</video></div></div></div></div><div class="fusion-layout-column fusion_builder_column fusion-builder-column-1 fusion_builder_column_1_3 1_3 fusion-flex-column" style="--awb-bg-size:cover;--awb-width-large:33.333333333333%;--awb-margin-top-large:0px;--awb-spacing-right-large:5.76%;--awb-margin-bottom-large:20px;--awb-spacing-left-large:5.76%;--awb-width-medium:33.333333333333%;--awb-order-medium:0;--awb-spacing-right-medium:5.76%;--awb-spacing-left-medium:5.76%;--awb-width-small:100%;--awb-order-small:0;--awb-spacing-right-small:1.92%;--awb-spacing-left-small:1.92%;"><div class="fusion-column-wrapper fusion-column-has-shadow fusion-flex-justify-content-flex-start fusion-content-layout-column"><div class="fusion-text fusion-text-1"><p><strong>Ana Cristina Martins </strong>é Doutorada em Psicologia (especialidade de Psicologia Social) pelo Ispa &#8211; Instituto Universitário, mestre em Comportamento Organizacional e licenciada em Psicologia. Psicoterapeuta em formação na Sociedade Portuguesa de Psicoterapia Existencial.</p>
<p>Desde 1992, assume as funções de docente e investigadora no Ispa, onde lecionou unidades curriculares como Psicologia Social I e II, Psicologia das Relações Interpessoais e Intergrupais, Dinâmicas de Grupo, Identidade, Género e Família, Psicologia e Ética, Psicologia Ambiental, Seminário de Dissertação, Seminário de Estágio.</p>
<p>Para além disso, desde 2020, assume o cargo de Presidente do Conselho Pedagógico do Ispa. Os seus interesses de investigação versam sobre o estigma da doença mental e os processos de discriminação social.</p>
</div></div></div><div class="fusion-layout-column fusion_builder_column fusion-builder-column-2 fusion_builder_column_1_3 1_3 fusion-flex-column" style="--awb-bg-size:cover;--awb-width-large:33.333333333333%;--awb-margin-top-large:0px;--awb-spacing-right-large:5.76%;--awb-margin-bottom-large:20px;--awb-spacing-left-large:5.76%;--awb-width-medium:33.333333333333%;--awb-order-medium:0;--awb-spacing-right-medium:5.76%;--awb-spacing-left-medium:5.76%;--awb-width-small:100%;--awb-order-small:0;--awb-spacing-right-small:1.92%;--awb-spacing-left-small:1.92%;"><div class="fusion-column-wrapper fusion-column-has-shadow fusion-flex-justify-content-flex-start fusion-content-layout-column"><div class="fusion-text fusion-text-2"><p><strong>Ciência ID:</strong><br />
<a href="https://www.cienciavitae.pt//5818-1163-2DAA">https://www.cienciavitae.pt//5818-1163-2DAA</a></p>
<p><strong>ORCID:</strong><br />
<a href="https://orcid.org/0000-0002-5347-8978">https://orcid.org/0000-0002-5347-8978</a></p>
</div></div></div></div></div>
