{"id":438,"date":"2024-12-06T11:23:11","date_gmt":"2024-12-06T11:23:11","guid":{"rendered":"https:\/\/www.uni-r.pt\/?page_id=438"},"modified":"2025-11-19T17:03:09","modified_gmt":"2025-11-19T17:03:09","slug":"dia-internacional-da-eliminacao-da-violencia-contra-as-mulheres","status":"publish","type":"page","link":"https:\/\/www.uni-r.pt\/?page_id=438","title":{"rendered":"Dia Internacional da Elimina\u00e7\u00e3o da Viol\u00eancia Contra as Mulheres"},"content":{"rendered":"<p><div class=\"fusion-fullwidth fullwidth-box fusion-builder-row-1 fusion-flex-container has-pattern-background has-mask-background nonhundred-percent-fullwidth non-hundred-percent-height-scrolling\" style=\"--awb-border-radius-top-left:0px;--awb-border-radius-top-right:0px;--awb-border-radius-bottom-right:0px;--awb-border-radius-bottom-left:0px;--awb-flex-wrap:wrap;\" ><div class=\"fusion-builder-row fusion-row fusion-flex-align-items-flex-start fusion-flex-content-wrap\" style=\"max-width:1248px;margin-left: calc(-4% \/ 2 );margin-right: calc(-4% \/ 2 );\"><div class=\"fusion-layout-column fusion_builder_column fusion-builder-column-0 fusion_builder_column_2_3 2_3 fusion-flex-column\" style=\"--awb-bg-size:cover;--awb-width-large:66.666666666667%;--awb-margin-top-large:0px;--awb-spacing-right-large:2.88%;--awb-margin-bottom-large:20px;--awb-spacing-left-large:2.88%;--awb-width-medium:66.666666666667%;--awb-order-medium:0;--awb-spacing-right-medium:2.88%;--awb-spacing-left-medium:2.88%;--awb-width-small:100%;--awb-order-small:0;--awb-spacing-right-small:1.92%;--awb-spacing-left-small:1.92%;\"><div class=\"fusion-column-wrapper fusion-column-has-shadow fusion-flex-justify-content-flex-start fusion-content-layout-column\"><div class=\"fusion-text fusion-text-1\" style=\"--awb-content-alignment:justify;\"><p>No dia 25 de Novembro, celebra-se o Dia Internacional da Viol\u00eancia Contra as Mulheres, pelo que a Professora Maria Jo\u00e3o Vargas Moniz, alguns alunos do Ispa e o projeto UNI_R organizaram uma exposi\u00e7\u00e3o para sensibiliza\u00e7\u00e3o desta causa atrav\u00e9s do trabalho desenvolvido pelo projeto \u201cRede de Pares: Preven\u00e7\u00e3o da Viol\u00eancia de G\u00e9nero e Empoderamento\u201d.<\/p>\n<p style=\"padding-left: 40px;\"><em>&#8220;Participar nesta exposi\u00e7\u00e3o foi um privil\u00e9gio para todas n\u00f3s enquanto alunas, mas principalmente enquanto mulheres. Falar, refletir e agir em prol da elimina\u00e7\u00e3o de todas as formas de viol\u00eancia contra as mulheres \u00e9 relevante e extremamente urgente.&#8221; &#8211; Rute Mendes, estudante de Mestrado em Psicologia\u00a0Cl\u00ednica<\/em><\/p>\n<p>O projeto \u201cRede de Pares: Preven\u00e7\u00e3o da Viol\u00eancia de G\u00e9nero e Empoderamento\u201d foi um projeto que promoveu programas de preven\u00e7\u00e3o em prol da igualdade de g\u00e9nero e no combate a todos os tipos de viol\u00eancia contra mulheres. Para a realiza\u00e7\u00e3o deste projeto, contou-se com a presen\u00e7a de peritos nacionais e internacionais para garantir as forma\u00e7\u00f5es, assim como a realiza\u00e7\u00e3o de uma s\u00e9rie de instrumentos e materiais que complementassem o papel preventivo destas sess\u00f5es. Para melhor conhecimento deste projeto, poder\u00e1 consultar o site <a href=\"https:\/\/redepares.eu\">https:\/\/redepares.eu<\/a>.<\/p>\n<p>A exposi\u00e7\u00e3o conta com alguns materiais e instrumentos utilizados durante a aplica\u00e7\u00e3o do projeto, entrevistas gravadas com os participantes e colaboradores do mesmo, assim como alguns p\u00f3steres realizados por alunos no \u00e2mbito da sensibiliza\u00e7\u00e3o para a elimina\u00e7\u00e3o da viol\u00eancia contra as mulheres. Entre outros elementos, ressoa sobretudo o vestu\u00e1rio feminino exposto nas paredes, que promove a reflex\u00e3o sobre o preconceito em v\u00edtimas de viol\u00eancia e abusos sexuais.<\/p>\n<p style=\"padding-left: 40px;\">\u201c<em>Os alunos do Ispa, enquanto futuros psic\u00f3logos e educadores, precisam de desenvolver a sensibilidade para identificar sinais de viol\u00eancia e atuar como uma for\u00e7a ativa no combate a todo o tipo de viol\u00eancia \u2013 f\u00edsica, psicol\u00f3gica, de g\u00e9nero, entre outras.<\/em>\u201d \u2013 Francisco Queir\u00f3s, Investigador e T\u00e9cnico do Projeto UNI_R<\/p>\n<p>A exposi\u00e7\u00e3o estar\u00e1 em exibi\u00e7\u00e3o at\u00e9 ao dia 13 de Janeiro de 2025 na galeria Dr. M\u00e1rio Casimiro, nas instala\u00e7\u00f5es do Ispa, para todos os que tiverem curiosidade em assistir e refletir sobre este problema que ainda assombra a vida de tantas mulheres.<\/p>\n<\/div><div class=\"fusion-image-carousel fusion-image-carousel-fixed fusion-image-carousel-1 lightbox-enabled fusion-carousel-border\"><div class=\"awb-carousel awb-swiper awb-swiper-carousel awb-carousel--carousel awb-swiper-dots-position-bottom\" data-layout=\"carousel\" data-autoplay=\"no\" data-autoplayspeed=\"2500\" data-autoplaypause=\"no\" data-loop=\"yes\" data-columns=\"5\" data-columnsmedium=\"1\" data-columnssmall=\"1\" data-itemmargin=\"13\" data-itemwidth=\"180\" data-touchscroll=\"no\" data-freemode=\"no\" data-imagesize=\"fixed\" data-scrollitems=\"0\" data-centeredslides=\"no\" data-rotationangle=\"50\" data-depth=\"100\" data-speed=\"500\" data-shadow=\"no\" data-pagination=\"bullets\" style=\"--awb-border-width:1px;--awb-border-color:#e9eaee;\"><div class=\"swiper-wrapper awb-image-carousel-wrapper fusion-flex-align-items-center\"><div class=\"swiper-slide\"><div class=\"fusion-carousel-item-wrapper\"><div class=\"fusion-image-wrapper hover-type-none\"><a data-rel=\"iLightbox[image_carousel_1]\" data-title=\"Dia_eliminacao_Violencia (6)\" aria-label=\"Dia_eliminacao_Violencia (6)\" href=\"http:\/\/www.uni-r.pt\/wp-content\/uploads\/2024\/12\/Dia_eliminacao_Violencia-6.jpg\" target=\"_self\"><img decoding=\"async\" width=\"320\" height=\"202\" src=\"https:\/\/www.uni-r.pt\/wp-content\/uploads\/2024\/12\/Dia_eliminacao_Violencia-6-320x202.jpg\" class=\"attachment-blog-medium size-blog-medium\" alt=\"\" \/><\/a><\/div><\/div><\/div><div class=\"swiper-slide\"><div class=\"fusion-carousel-item-wrapper\"><div class=\"fusion-image-wrapper hover-type-none\"><a data-rel=\"iLightbox[image_carousel_1]\" data-title=\"Dia_eliminacao_Violencia (8)\" aria-label=\"Dia_eliminacao_Violencia (8)\" href=\"http:\/\/www.uni-r.pt\/wp-content\/uploads\/2024\/12\/Dia_eliminacao_Violencia-8.jpg\" target=\"_self\"><img decoding=\"async\" width=\"320\" height=\"202\" src=\"https:\/\/www.uni-r.pt\/wp-content\/uploads\/2024\/12\/Dia_eliminacao_Violencia-8-320x202.jpg\" class=\"attachment-blog-medium size-blog-medium\" alt=\"\" \/><\/a><\/div><\/div><\/div><div class=\"swiper-slide\"><div class=\"fusion-carousel-item-wrapper\"><div class=\"fusion-image-wrapper hover-type-none\"><a data-rel=\"iLightbox[image_carousel_1]\" data-title=\"Dia_eliminacao_Violencia (9)\" aria-label=\"Dia_eliminacao_Violencia (9)\" href=\"http:\/\/www.uni-r.pt\/wp-content\/uploads\/2024\/12\/Dia_eliminacao_Violencia-9.jpg\" target=\"_self\"><img decoding=\"async\" width=\"320\" height=\"202\" src=\"https:\/\/www.uni-r.pt\/wp-content\/uploads\/2024\/12\/Dia_eliminacao_Violencia-9-320x202.jpg\" class=\"attachment-blog-medium size-blog-medium\" alt=\"\" \/><\/a><\/div><\/div><\/div><div class=\"swiper-slide\"><div class=\"fusion-carousel-item-wrapper\"><div class=\"fusion-image-wrapper hover-type-none\"><a data-rel=\"iLightbox[image_carousel_1]\" data-title=\"Dia_eliminacao_Violencia (10)\" aria-label=\"Dia_eliminacao_Violencia (10)\" href=\"http:\/\/www.uni-r.pt\/wp-content\/uploads\/2024\/12\/Dia_eliminacao_Violencia-10.jpg\" target=\"_self\"><img decoding=\"async\" width=\"320\" height=\"202\" src=\"https:\/\/www.uni-r.pt\/wp-content\/uploads\/2024\/12\/Dia_eliminacao_Violencia-10-320x202.jpg\" class=\"attachment-blog-medium size-blog-medium\" alt=\"\" \/><\/a><\/div><\/div><\/div><div class=\"swiper-slide\"><div class=\"fusion-carousel-item-wrapper\"><div class=\"fusion-image-wrapper hover-type-none\"><a data-rel=\"iLightbox[image_carousel_1]\" data-title=\"Dia_eliminacao_Violencia (1)\" aria-label=\"Dia_eliminacao_Violencia (1)\" href=\"http:\/\/www.uni-r.pt\/wp-content\/uploads\/2024\/12\/Dia_eliminacao_Violencia-1.jpg\" target=\"_self\"><img decoding=\"async\" width=\"320\" height=\"202\" src=\"https:\/\/www.uni-r.pt\/wp-content\/uploads\/2024\/12\/Dia_eliminacao_Violencia-1-320x202.jpg\" class=\"attachment-blog-medium size-blog-medium\" alt=\"\" \/><\/a><\/div><\/div><\/div><div class=\"swiper-slide\"><div class=\"fusion-carousel-item-wrapper\"><div class=\"fusion-image-wrapper hover-type-none\"><a data-rel=\"iLightbox[image_carousel_1]\" data-title=\"Dia_eliminacao_Violencia (2)\" aria-label=\"Dia_eliminacao_Violencia (2)\" href=\"http:\/\/www.uni-r.pt\/wp-content\/uploads\/2024\/12\/Dia_eliminacao_Violencia-2.jpg\" target=\"_self\"><img decoding=\"async\" width=\"320\" height=\"202\" src=\"https:\/\/www.uni-r.pt\/wp-content\/uploads\/2024\/12\/Dia_eliminacao_Violencia-2-320x202.jpg\" class=\"attachment-blog-medium size-blog-medium\" alt=\"\" \/><\/a><\/div><\/div><\/div><div class=\"swiper-slide\"><div class=\"fusion-carousel-item-wrapper\"><div class=\"fusion-image-wrapper hover-type-none\"><a data-rel=\"iLightbox[image_carousel_1]\" data-title=\"Dia_eliminacao_Violencia (3)\" aria-label=\"Dia_eliminacao_Violencia (3)\" href=\"http:\/\/www.uni-r.pt\/wp-content\/uploads\/2024\/12\/Dia_eliminacao_Violencia-3.jpg\" target=\"_self\"><img decoding=\"async\" width=\"320\" height=\"202\" src=\"https:\/\/www.uni-r.pt\/wp-content\/uploads\/2024\/12\/Dia_eliminacao_Violencia-3-320x202.jpg\" class=\"attachment-blog-medium size-blog-medium\" alt=\"\" \/><\/a><\/div><\/div><\/div><div class=\"swiper-slide\"><div class=\"fusion-carousel-item-wrapper\"><div class=\"fusion-image-wrapper hover-type-none\"><a data-rel=\"iLightbox[image_carousel_1]\" data-title=\"Dia_eliminacao_Violencia (4)\" aria-label=\"Dia_eliminacao_Violencia (4)\" href=\"http:\/\/www.uni-r.pt\/wp-content\/uploads\/2024\/12\/Dia_eliminacao_Violencia-4.jpg\" target=\"_self\"><img decoding=\"async\" width=\"320\" height=\"202\" src=\"https:\/\/www.uni-r.pt\/wp-content\/uploads\/2024\/12\/Dia_eliminacao_Violencia-4-320x202.jpg\" class=\"attachment-blog-medium size-blog-medium\" alt=\"\" \/><\/a><\/div><\/div><\/div><div class=\"swiper-slide\"><div class=\"fusion-carousel-item-wrapper\"><div class=\"fusion-image-wrapper hover-type-none\"><a data-rel=\"iLightbox[image_carousel_1]\" data-title=\"Dia_eliminacao_Violencia (5)\" aria-label=\"Dia_eliminacao_Violencia (5)\" href=\"http:\/\/www.uni-r.pt\/wp-content\/uploads\/2024\/12\/Dia_eliminacao_Violencia-5.jpg\" target=\"_self\"><img decoding=\"async\" width=\"320\" height=\"202\" src=\"https:\/\/www.uni-r.pt\/wp-content\/uploads\/2024\/12\/Dia_eliminacao_Violencia-5-320x202.jpg\" class=\"attachment-blog-medium size-blog-medium\" alt=\"\" \/><\/a><\/div><\/div><\/div><\/div><div class=\"awb-swiper-button awb-swiper-button-prev\"><i class=\"awb-icon-angle-left\" aria-hidden=\"true\"><\/i><\/div><div class=\"awb-swiper-button awb-swiper-button-next\"><i class=\"awb-icon-angle-right\" aria-hidden=\"true\"><\/i><\/div><\/div><\/div><\/div><\/div><div class=\"fusion-layout-column fusion_builder_column fusion-builder-column-1 fusion_builder_column_1_3 1_3 fusion-flex-column\" style=\"--awb-bg-size:cover;--awb-width-large:33.333333333333%;--awb-margin-top-large:0px;--awb-spacing-right-large:5.76%;--awb-margin-bottom-large:20px;--awb-spacing-left-large:5.76%;--awb-width-medium:33.333333333333%;--awb-order-medium:0;--awb-spacing-right-medium:5.76%;--awb-spacing-left-medium:5.76%;--awb-width-small:100%;--awb-order-small:0;--awb-spacing-right-small:1.92%;--awb-spacing-left-small:1.92%;\"><div class=\"fusion-column-wrapper fusion-column-has-shadow fusion-flex-justify-content-flex-start fusion-content-layout-column\"><div class=\"fusion-video fusion-selfhosted-video\" style=\"max-width:100%;\"><div class=\"video-wrapper\"><video playsinline=\"true\" width=\"100%\" style=\"object-fit: cover;\" autoplay=\"true\" muted=\"true\" preload=\"auto\" controls=\"1\"><source src=\"http:\/\/www.uni-r.pt\/wp-content\/uploads\/2025\/01\/Dia-Internacional-da-Eliminacao-da-Violencia.mp4\" type=\"video\/mp4\">Sorry, your browser doesn&#039;t support embedded videos.<\/video><\/div><\/div><\/div><\/div><\/div><\/div><div class=\"fusion-fullwidth fullwidth-box fusion-builder-row-2 fusion-flex-container has-pattern-background has-mask-background nonhundred-percent-fullwidth non-hundred-percent-height-scrolling\" style=\"--awb-border-radius-top-left:0px;--awb-border-radius-top-right:0px;--awb-border-radius-bottom-right:0px;--awb-border-radius-bottom-left:0px;--awb-flex-wrap:wrap;\" ><div class=\"fusion-builder-row fusion-row fusion-flex-align-items-flex-start fusion-flex-content-wrap\" style=\"max-width:1248px;margin-left: calc(-4% \/ 2 );margin-right: calc(-4% \/ 2 );\"><div class=\"fusion-layout-column fusion_builder_column fusion-builder-column-2 fusion_builder_column_1_1 1_1 fusion-flex-column\" style=\"--awb-bg-size:cover;--awb-width-large:100%;--awb-margin-top-large:0px;--awb-spacing-right-large:1.92%;--awb-margin-bottom-large:20px;--awb-spacing-left-large:1.92%;--awb-width-medium:100%;--awb-order-medium:0;--awb-spacing-right-medium:1.92%;--awb-spacing-left-medium:1.92%;--awb-width-small:100%;--awb-order-small:0;--awb-spacing-right-small:1.92%;--awb-spacing-left-small:1.92%;\"><div class=\"fusion-column-wrapper fusion-column-has-shadow fusion-flex-justify-content-flex-start fusion-content-layout-column\"><div class=\"fusion-separator fusion-full-width-sep\" style=\"align-self: center;margin-left: auto;margin-right: auto;width:100%;\"><div class=\"fusion-separator-border sep-single sep-solid\" style=\"--awb-height:20px;--awb-amount:20px;border-color:var(--awb-color3);border-top-width:1px;\"><\/div><\/div><div class=\"fusion-text fusion-text-2\"><h4>Posters apresentados por alunos<\/h4>\n<\/div><\/div><\/div><div class=\"fusion-layout-column fusion_builder_column fusion-builder-column-3 fusion_builder_column_1_4 1_4 fusion-flex-column\" style=\"--awb-bg-size:cover;--awb-width-large:25%;--awb-margin-top-large:0px;--awb-spacing-right-large:7.68%;--awb-margin-bottom-large:20px;--awb-spacing-left-large:7.68%;--awb-width-medium:25%;--awb-order-medium:0;--awb-spacing-right-medium:7.68%;--awb-spacing-left-medium:7.68%;--awb-width-small:100%;--awb-order-small:0;--awb-spacing-right-small:1.92%;--awb-spacing-left-small:1.92%;\"><div class=\"fusion-column-wrapper fusion-column-has-shadow fusion-flex-justify-content-flex-start fusion-content-layout-column\"><div class=\"fusion-image-element \" style=\"--awb-margin-bottom:20px;--awb-caption-title-font-family:var(--h2_typography-font-family);--awb-caption-title-font-weight:var(--h2_typography-font-weight);--awb-caption-title-font-style:var(--h2_typography-font-style);--awb-caption-title-size:var(--h2_typography-font-size);--awb-caption-title-transform:var(--h2_typography-text-transform);--awb-caption-title-line-height:var(--h2_typography-line-height);--awb-caption-title-letter-spacing:var(--h2_typography-letter-spacing);\"><span class=\" fusion-imageframe imageframe-none imageframe-1 hover-type-none\"><a class=\"fusion-no-lightbox\" href=\"http:\/\/www.uni-r.pt\/wp-content\/uploads\/2024\/12\/Matilde.pdf\" target=\"_self\" aria-label=\"Paragraph Styles and Structures English Posters in Simple Colour\"><img decoding=\"async\" width=\"212\" height=\"300\" src=\"http:\/\/www.uni-r.pt\/wp-content\/uploads\/2024\/12\/Matilde-212x300.jpg\" alt class=\"img-responsive wp-image-440\" srcset=\"https:\/\/www.uni-r.pt\/wp-content\/uploads\/2024\/12\/Matilde-200x283.jpg 200w, https:\/\/www.uni-r.pt\/wp-content\/uploads\/2024\/12\/Matilde-400x566.jpg 400w, https:\/\/www.uni-r.pt\/wp-content\/uploads\/2024\/12\/Matilde.jpg 600w\" sizes=\"(max-width: 640px) 100vw, 400px\" \/><\/a><\/span><\/div><\/div><\/div><div class=\"fusion-layout-column fusion_builder_column fusion-builder-column-4 fusion_builder_column_1_4 1_4 fusion-flex-column\" style=\"--awb-bg-size:cover;--awb-width-large:25%;--awb-margin-top-large:0px;--awb-spacing-right-large:7.68%;--awb-margin-bottom-large:20px;--awb-spacing-left-large:7.68%;--awb-width-medium:25%;--awb-order-medium:0;--awb-spacing-right-medium:7.68%;--awb-spacing-left-medium:7.68%;--awb-width-small:100%;--awb-order-small:0;--awb-spacing-right-small:1.92%;--awb-spacing-left-small:1.92%;\"><div class=\"fusion-column-wrapper fusion-column-has-shadow fusion-flex-justify-content-flex-start fusion-content-layout-column\"><div class=\"fusion-image-element \" style=\"--awb-margin-bottom:20px;--awb-caption-title-font-family:var(--h2_typography-font-family);--awb-caption-title-font-weight:var(--h2_typography-font-weight);--awb-caption-title-font-style:var(--h2_typography-font-style);--awb-caption-title-size:var(--h2_typography-font-size);--awb-caption-title-transform:var(--h2_typography-text-transform);--awb-caption-title-line-height:var(--h2_typography-line-height);--awb-caption-title-letter-spacing:var(--h2_typography-letter-spacing);\"><span class=\" fusion-imageframe imageframe-none imageframe-2 hover-type-none\"><a class=\"fusion-no-lightbox\" href=\"http:\/\/www.uni-r.pt\/wp-content\/uploads\/2024\/12\/Poster-1-A2.pdf\" target=\"_self\" aria-label=\"P\u00f3ster 1 &#8211; A2\"><img decoding=\"async\" width=\"212\" height=\"300\" src=\"http:\/\/www.uni-r.pt\/wp-content\/uploads\/2024\/12\/Poster-1-A2-212x300.jpg\" alt class=\"img-responsive wp-image-443\" srcset=\"https:\/\/www.uni-r.pt\/wp-content\/uploads\/2024\/12\/Poster-1-A2-200x283.jpg 200w, https:\/\/www.uni-r.pt\/wp-content\/uploads\/2024\/12\/Poster-1-A2-400x566.jpg 400w, https:\/\/www.uni-r.pt\/wp-content\/uploads\/2024\/12\/Poster-1-A2.jpg 600w\" sizes=\"(max-width: 640px) 100vw, 400px\" \/><\/a><\/span><\/div><\/div><\/div><div class=\"fusion-layout-column fusion_builder_column fusion-builder-column-5 fusion_builder_column_1_4 1_4 fusion-flex-column\" style=\"--awb-bg-size:cover;--awb-width-large:25%;--awb-margin-top-large:0px;--awb-spacing-right-large:7.68%;--awb-margin-bottom-large:20px;--awb-spacing-left-large:7.68%;--awb-width-medium:25%;--awb-order-medium:0;--awb-spacing-right-medium:7.68%;--awb-spacing-left-medium:7.68%;--awb-width-small:100%;--awb-order-small:0;--awb-spacing-right-small:1.92%;--awb-spacing-left-small:1.92%;\"><div class=\"fusion-column-wrapper fusion-column-has-shadow fusion-flex-justify-content-flex-start fusion-content-layout-column\"><div class=\"fusion-image-element \" style=\"--awb-margin-bottom:20px;--awb-caption-title-font-family:var(--h2_typography-font-family);--awb-caption-title-font-weight:var(--h2_typography-font-weight);--awb-caption-title-font-style:var(--h2_typography-font-style);--awb-caption-title-size:var(--h2_typography-font-size);--awb-caption-title-transform:var(--h2_typography-text-transform);--awb-caption-title-line-height:var(--h2_typography-line-height);--awb-caption-title-letter-spacing:var(--h2_typography-letter-spacing);\"><span class=\" fusion-imageframe imageframe-none imageframe-3 hover-type-none\"><a class=\"fusion-no-lightbox\" href=\"http:\/\/www.uni-r.pt\/wp-content\/uploads\/2025\/11\/Poster-2-A2.pdf\" target=\"_self\" aria-label=\"P\u00f3ster 2 &#8211; A2\"><img decoding=\"async\" width=\"212\" height=\"300\" src=\"http:\/\/www.uni-r.pt\/wp-content\/uploads\/2024\/12\/Poster-2-A2-212x300.jpg\" alt class=\"img-responsive wp-image-445\" srcset=\"https:\/\/www.uni-r.pt\/wp-content\/uploads\/2024\/12\/Poster-2-A2-200x283.jpg 200w, https:\/\/www.uni-r.pt\/wp-content\/uploads\/2024\/12\/Poster-2-A2-400x566.jpg 400w, https:\/\/www.uni-r.pt\/wp-content\/uploads\/2024\/12\/Poster-2-A2.jpg 600w\" sizes=\"(max-width: 640px) 100vw, 400px\" \/><\/a><\/span><\/div><\/div><\/div><div class=\"fusion-layout-column fusion_builder_column fusion-builder-column-6 fusion_builder_column_1_4 1_4 fusion-flex-column\" style=\"--awb-bg-size:cover;--awb-width-large:25%;--awb-margin-top-large:0px;--awb-spacing-right-large:7.68%;--awb-margin-bottom-large:20px;--awb-spacing-left-large:7.68%;--awb-width-medium:25%;--awb-order-medium:0;--awb-spacing-right-medium:7.68%;--awb-spacing-left-medium:7.68%;--awb-width-small:100%;--awb-order-small:0;--awb-spacing-right-small:1.92%;--awb-spacing-left-small:1.92%;\"><div class=\"fusion-column-wrapper fusion-column-has-shadow fusion-flex-justify-content-flex-start fusion-content-layout-column\"><div class=\"fusion-image-element \" style=\"--awb-caption-title-font-family:var(--h2_typography-font-family);--awb-caption-title-font-weight:var(--h2_typography-font-weight);--awb-caption-title-font-style:var(--h2_typography-font-style);--awb-caption-title-size:var(--h2_typography-font-size);--awb-caption-title-transform:var(--h2_typography-text-transform);--awb-caption-title-line-height:var(--h2_typography-line-height);--awb-caption-title-letter-spacing:var(--h2_typography-letter-spacing);\"><span class=\" fusion-imageframe imageframe-none imageframe-4 hover-type-none\"><a class=\"fusion-no-lightbox\" href=\"http:\/\/www.uni-r.pt\/wp-content\/uploads\/2024\/12\/Tomas.pdf\" target=\"_self\" aria-label=\"poster\"><img decoding=\"async\" width=\"212\" height=\"300\" src=\"http:\/\/www.uni-r.pt\/wp-content\/uploads\/2024\/12\/Tomas-212x300.jpg\" alt class=\"img-responsive wp-image-448\" srcset=\"https:\/\/www.uni-r.pt\/wp-content\/uploads\/2024\/12\/Tomas-200x283.jpg 200w, https:\/\/www.uni-r.pt\/wp-content\/uploads\/2024\/12\/Tomas-400x566.jpg 400w, https:\/\/www.uni-r.pt\/wp-content\/uploads\/2024\/12\/Tomas.jpg 600w\" sizes=\"(max-width: 640px) 100vw, 400px\" \/><\/a><\/span><\/div><\/div><\/div><\/div><\/div><\/p>\n","protected":false},"excerpt":{"rendered":"","protected":false},"author":1,"featured_media":0,"parent":0,"menu_order":0,"comment_status":"closed","ping_status":"closed","template":"100-width.php","meta":{"_acf_changed":false,"footnotes":""},"class_list":["post-438","page","type-page","status-publish","hentry"],"acf":[],"_links":{"self":[{"href":"https:\/\/www.uni-r.pt\/index.php?rest_route=\/wp\/v2\/pages\/438","targetHints":{"allow":["GET"]}}],"collection":[{"href":"https:\/\/www.uni-r.pt\/index.php?rest_route=\/wp\/v2\/pages"}],"about":[{"href":"https:\/\/www.uni-r.pt\/index.php?rest_route=\/wp\/v2\/types\/page"}],"author":[{"embeddable":true,"href":"https:\/\/www.uni-r.pt\/index.php?rest_route=\/wp\/v2\/users\/1"}],"replies":[{"embeddable":true,"href":"https:\/\/www.uni-r.pt\/index.php?rest_route=%2Fwp%2Fv2%2Fcomments&post=438"}],"version-history":[{"count":19,"href":"https:\/\/www.uni-r.pt\/index.php?rest_route=\/wp\/v2\/pages\/438\/revisions"}],"predecessor-version":[{"id":1483,"href":"https:\/\/www.uni-r.pt\/index.php?rest_route=\/wp\/v2\/pages\/438\/revisions\/1483"}],"wp:attachment":[{"href":"https:\/\/www.uni-r.pt\/index.php?rest_route=%2Fwp%2Fv2%2Fmedia&parent=438"}],"curies":[{"name":"wp","href":"https:\/\/api.w.org\/{rel}","templated":true}]}}