{"id":527,"date":"2024-12-20T12:12:46","date_gmt":"2024-12-20T12:12:46","guid":{"rendered":"https:\/\/www.uni-r.pt\/?page_id=527"},"modified":"2024-12-20T12:14:46","modified_gmt":"2024-12-20T12:14:46","slug":"visita-de-estudo-a-amucip","status":"publish","type":"page","link":"https:\/\/www.uni-r.pt\/?page_id=527","title":{"rendered":"Visita de estudo \u00e0 AMUCIP"},"content":{"rendered":"<div class=\"fusion-fullwidth fullwidth-box fusion-builder-row-1 fusion-flex-container has-pattern-background has-mask-background nonhundred-percent-fullwidth non-hundred-percent-height-scrolling\" style=\"--awb-border-radius-top-left:0px;--awb-border-radius-top-right:0px;--awb-border-radius-bottom-right:0px;--awb-border-radius-bottom-left:0px;--awb-flex-wrap:wrap;\" ><div class=\"fusion-builder-row fusion-row fusion-flex-align-items-flex-start fusion-flex-content-wrap\" style=\"max-width:1248px;margin-left: calc(-4% \/ 2 );margin-right: calc(-4% \/ 2 );\"><div class=\"fusion-layout-column fusion_builder_column fusion-builder-column-0 fusion_builder_column_2_3 2_3 fusion-flex-column\" style=\"--awb-bg-size:cover;--awb-width-large:66.666666666667%;--awb-margin-top-large:0px;--awb-spacing-right-large:2.88%;--awb-margin-bottom-large:20px;--awb-spacing-left-large:2.88%;--awb-width-medium:66.666666666667%;--awb-order-medium:0;--awb-spacing-right-medium:2.88%;--awb-spacing-left-medium:2.88%;--awb-width-small:100%;--awb-order-small:0;--awb-spacing-right-small:1.92%;--awb-spacing-left-small:1.92%;\"><div class=\"fusion-column-wrapper fusion-column-has-shadow fusion-flex-justify-content-flex-start fusion-content-layout-column\"><div class=\"fusion-text fusion-text-1\" style=\"--awb-content-alignment:justify;\"><p>No passado dia 30 de Outubro, a Professora Maria Jo\u00e3o Vargas Moniz organizou uma visita de estudo com alguns alunos e a sua equipa \u00e0s instala\u00e7\u00f5es da Associa\u00e7\u00e3o de Mulheres Ciganas Portuguesas (AMUCIP), no Seixal.<\/p>\n<p><em>\u00a0<\/em><\/p>\n<p>A AMUCIP \u00e9 uma associa\u00e7\u00e3o, fundada em 2000, que interv\u00e9m com a comunidade cigana, especialmente mulheres e crian\u00e7as. O seu objetivo consiste no combate ao abandono e absentismo escolar precoce, assim como na promo\u00e7\u00e3o do desenvolvimento das mulheres e crian\u00e7as ciganas, tendo em conta os seus valores, padr\u00f5es e identidade cultural.<\/p>\n<p>A visita pelas instala\u00e7\u00f5es permitiu compreender o trabalho desenvolvido pela associa\u00e7\u00e3o e os v\u00e1rios projetos criados junto destas comunidades. Numa partilha de hist\u00f3rias e experi\u00eancias, desmitificaram-se os preconceitos sociais para com a comunidade cigana, desvendaram-se os significados por detr\u00e1s de algumas palavras na l\u00edngua Romanov e, sobretudo, compreendeu-se a import\u00e2ncia e o impacto que associa\u00e7\u00f5es como a AMUCIP podem ter na vida das comunidades locais.<\/p>\n<\/div><div class=\"fusion-image-carousel fusion-image-carousel-fixed fusion-image-carousel-1 lightbox-enabled fusion-carousel-border\"><div class=\"awb-carousel awb-swiper awb-swiper-carousel awb-carousel--carousel awb-swiper-dots-position-bottom\" data-layout=\"carousel\" data-autoplay=\"no\" data-autoplayspeed=\"2500\" data-autoplaypause=\"no\" data-loop=\"yes\" data-columns=\"5\" data-columnsmedium=\"1\" data-columnssmall=\"1\" data-itemmargin=\"13\" data-itemwidth=\"180\" data-touchscroll=\"no\" data-freemode=\"no\" data-imagesize=\"fixed\" data-scrollitems=\"0\" data-centeredslides=\"no\" data-rotationangle=\"50\" data-depth=\"100\" data-speed=\"500\" data-shadow=\"no\" data-pagination=\"bullets\" style=\"--awb-border-width:1px;--awb-border-color:#e9eaee;\"><div class=\"swiper-wrapper awb-image-carousel-wrapper fusion-flex-align-items-center\"><div class=\"swiper-slide\"><div class=\"fusion-carousel-item-wrapper\"><div class=\"fusion-image-wrapper hover-type-none\"><a data-rel=\"iLightbox[image_carousel_1]\" data-title=\"WhatsApp Image 2024-11-11 at 15.01.32\" aria-label=\"WhatsApp Image 2024-11-11 at 15.01.32\" href=\"http:\/\/www.uni-r.pt\/wp-content\/uploads\/2024\/12\/WhatsApp-Image-2024-11-11-at-15.01.32.jpeg\" target=\"_self\"><img decoding=\"async\" width=\"320\" height=\"202\" src=\"https:\/\/www.uni-r.pt\/wp-content\/uploads\/2024\/12\/WhatsApp-Image-2024-11-11-at-15.01.32-320x202.jpeg\" class=\"attachment-blog-medium size-blog-medium\" alt=\"\" \/><\/a><\/div><\/div><\/div><div class=\"swiper-slide\"><div class=\"fusion-carousel-item-wrapper\"><div class=\"fusion-image-wrapper hover-type-none\"><a data-rel=\"iLightbox[image_carousel_1]\" data-title=\"IMG_1734\" aria-label=\"IMG_1734\" href=\"http:\/\/www.uni-r.pt\/wp-content\/uploads\/2024\/12\/IMG_1734.jpeg\" target=\"_self\"><img decoding=\"async\" width=\"320\" height=\"202\" src=\"https:\/\/www.uni-r.pt\/wp-content\/uploads\/2024\/12\/IMG_1734-320x202.jpeg\" class=\"attachment-blog-medium size-blog-medium\" alt=\"\" \/><\/a><\/div><\/div><\/div><div class=\"swiper-slide\"><div class=\"fusion-carousel-item-wrapper\"><div class=\"fusion-image-wrapper hover-type-none\"><a data-rel=\"iLightbox[image_carousel_1]\" data-title=\"IMG_1735\" aria-label=\"IMG_1735\" href=\"http:\/\/www.uni-r.pt\/wp-content\/uploads\/2024\/12\/IMG_1735.jpeg\" target=\"_self\"><img decoding=\"async\" width=\"320\" height=\"202\" src=\"https:\/\/www.uni-r.pt\/wp-content\/uploads\/2024\/12\/IMG_1735-320x202.jpeg\" class=\"attachment-blog-medium size-blog-medium\" alt=\"\" \/><\/a><\/div><\/div><\/div><div class=\"swiper-slide\"><div class=\"fusion-carousel-item-wrapper\"><div class=\"fusion-image-wrapper hover-type-none\"><a data-rel=\"iLightbox[image_carousel_1]\" data-title=\"IMG_1736\" aria-label=\"IMG_1736\" href=\"http:\/\/www.uni-r.pt\/wp-content\/uploads\/2024\/12\/IMG_1736.jpeg\" target=\"_self\"><img decoding=\"async\" width=\"320\" height=\"202\" src=\"https:\/\/www.uni-r.pt\/wp-content\/uploads\/2024\/12\/IMG_1736-320x202.jpeg\" class=\"attachment-blog-medium size-blog-medium\" alt=\"\" \/><\/a><\/div><\/div><\/div><div class=\"swiper-slide\"><div class=\"fusion-carousel-item-wrapper\"><div class=\"fusion-image-wrapper hover-type-none\"><a data-rel=\"iLightbox[image_carousel_1]\" data-title=\"IMG_1737\" aria-label=\"IMG_1737\" href=\"http:\/\/www.uni-r.pt\/wp-content\/uploads\/2024\/12\/IMG_1737.jpeg\" target=\"_self\"><img decoding=\"async\" width=\"320\" height=\"202\" src=\"https:\/\/www.uni-r.pt\/wp-content\/uploads\/2024\/12\/IMG_1737-320x202.jpeg\" class=\"attachment-blog-medium size-blog-medium\" alt=\"\" \/><\/a><\/div><\/div><\/div><div class=\"swiper-slide\"><div class=\"fusion-carousel-item-wrapper\"><div class=\"fusion-image-wrapper hover-type-none\"><a data-rel=\"iLightbox[image_carousel_1]\" data-title=\"IMG_1739\" aria-label=\"IMG_1739\" href=\"http:\/\/www.uni-r.pt\/wp-content\/uploads\/2024\/12\/IMG_1739.jpeg\" target=\"_self\"><img decoding=\"async\" width=\"320\" height=\"202\" src=\"https:\/\/www.uni-r.pt\/wp-content\/uploads\/2024\/12\/IMG_1739-320x202.jpeg\" class=\"attachment-blog-medium size-blog-medium\" alt=\"\" \/><\/a><\/div><\/div><\/div><div class=\"swiper-slide\"><div class=\"fusion-carousel-item-wrapper\"><div class=\"fusion-image-wrapper hover-type-none\"><a data-rel=\"iLightbox[image_carousel_1]\" data-title=\"IMG_1740\" aria-label=\"IMG_1740\" href=\"http:\/\/www.uni-r.pt\/wp-content\/uploads\/2024\/12\/IMG_1740.jpeg\" target=\"_self\"><img decoding=\"async\" width=\"320\" height=\"202\" src=\"https:\/\/www.uni-r.pt\/wp-content\/uploads\/2024\/12\/IMG_1740-320x202.jpeg\" class=\"attachment-blog-medium size-blog-medium\" alt=\"\" \/><\/a><\/div><\/div><\/div><div class=\"swiper-slide\"><div class=\"fusion-carousel-item-wrapper\"><div class=\"fusion-image-wrapper hover-type-none\"><a data-rel=\"iLightbox[image_carousel_1]\" data-title=\"IMG_1741\" aria-label=\"IMG_1741\" href=\"http:\/\/www.uni-r.pt\/wp-content\/uploads\/2024\/12\/IMG_1741.jpeg\" target=\"_self\"><img decoding=\"async\" width=\"320\" height=\"202\" src=\"https:\/\/www.uni-r.pt\/wp-content\/uploads\/2024\/12\/IMG_1741-320x202.jpeg\" class=\"attachment-blog-medium size-blog-medium\" alt=\"\" \/><\/a><\/div><\/div><\/div><div class=\"swiper-slide\"><div class=\"fusion-carousel-item-wrapper\"><div class=\"fusion-image-wrapper hover-type-none\"><a data-rel=\"iLightbox[image_carousel_1]\" data-title=\"IMG_1742\" aria-label=\"IMG_1742\" href=\"http:\/\/www.uni-r.pt\/wp-content\/uploads\/2024\/12\/IMG_1742.jpeg\" target=\"_self\"><img decoding=\"async\" width=\"320\" height=\"202\" src=\"https:\/\/www.uni-r.pt\/wp-content\/uploads\/2024\/12\/IMG_1742-320x202.jpeg\" class=\"attachment-blog-medium size-blog-medium\" alt=\"\" \/><\/a><\/div><\/div><\/div><div class=\"swiper-slide\"><div class=\"fusion-carousel-item-wrapper\"><div class=\"fusion-image-wrapper hover-type-none\"><a data-rel=\"iLightbox[image_carousel_1]\" data-title=\"IMG_1743\" aria-label=\"IMG_1743\" href=\"http:\/\/www.uni-r.pt\/wp-content\/uploads\/2024\/12\/IMG_1743.jpeg\" target=\"_self\"><img decoding=\"async\" width=\"320\" height=\"202\" src=\"https:\/\/www.uni-r.pt\/wp-content\/uploads\/2024\/12\/IMG_1743-320x202.jpeg\" class=\"attachment-blog-medium size-blog-medium\" alt=\"\" \/><\/a><\/div><\/div><\/div><div class=\"swiper-slide\"><div class=\"fusion-carousel-item-wrapper\"><div class=\"fusion-image-wrapper hover-type-none\"><a data-rel=\"iLightbox[image_carousel_1]\" data-title=\"IMG_1744\" aria-label=\"IMG_1744\" href=\"http:\/\/www.uni-r.pt\/wp-content\/uploads\/2024\/12\/IMG_1744.jpeg\" target=\"_self\"><img decoding=\"async\" width=\"320\" height=\"202\" src=\"https:\/\/www.uni-r.pt\/wp-content\/uploads\/2024\/12\/IMG_1744-320x202.jpeg\" class=\"attachment-blog-medium size-blog-medium\" alt=\"\" \/><\/a><\/div><\/div><\/div><div class=\"swiper-slide\"><div class=\"fusion-carousel-item-wrapper\"><div class=\"fusion-image-wrapper hover-type-none\"><a data-rel=\"iLightbox[image_carousel_1]\" data-title=\"IMG_1745\" aria-label=\"IMG_1745\" href=\"http:\/\/www.uni-r.pt\/wp-content\/uploads\/2024\/12\/IMG_1745.jpeg\" target=\"_self\"><img decoding=\"async\" width=\"320\" height=\"202\" src=\"https:\/\/www.uni-r.pt\/wp-content\/uploads\/2024\/12\/IMG_1745-320x202.jpeg\" class=\"attachment-blog-medium size-blog-medium\" alt=\"\" \/><\/a><\/div><\/div><\/div><div class=\"swiper-slide\"><div class=\"fusion-carousel-item-wrapper\"><div class=\"fusion-image-wrapper hover-type-none\"><a data-rel=\"iLightbox[image_carousel_1]\" data-title=\"IMG_1746\" aria-label=\"IMG_1746\" href=\"http:\/\/www.uni-r.pt\/wp-content\/uploads\/2024\/12\/IMG_1746.jpeg\" target=\"_self\"><img decoding=\"async\" width=\"320\" height=\"202\" src=\"https:\/\/www.uni-r.pt\/wp-content\/uploads\/2024\/12\/IMG_1746-320x202.jpeg\" class=\"attachment-blog-medium size-blog-medium\" alt=\"\" \/><\/a><\/div><\/div><\/div><div class=\"swiper-slide\"><div class=\"fusion-carousel-item-wrapper\"><div class=\"fusion-image-wrapper hover-type-none\"><a data-rel=\"iLightbox[image_carousel_1]\" data-title=\"IMG_1747\" aria-label=\"IMG_1747\" href=\"http:\/\/www.uni-r.pt\/wp-content\/uploads\/2024\/12\/IMG_1747.jpeg\" target=\"_self\"><img decoding=\"async\" width=\"320\" height=\"202\" src=\"https:\/\/www.uni-r.pt\/wp-content\/uploads\/2024\/12\/IMG_1747-320x202.jpeg\" class=\"attachment-blog-medium size-blog-medium\" alt=\"\" \/><\/a><\/div><\/div><\/div><div class=\"swiper-slide\"><div class=\"fusion-carousel-item-wrapper\"><div class=\"fusion-image-wrapper hover-type-none\"><a data-rel=\"iLightbox[image_carousel_1]\" data-title=\"IMG_1748\" aria-label=\"IMG_1748\" href=\"http:\/\/www.uni-r.pt\/wp-content\/uploads\/2024\/12\/IMG_1748.jpeg\" target=\"_self\"><img decoding=\"async\" width=\"320\" height=\"202\" src=\"https:\/\/www.uni-r.pt\/wp-content\/uploads\/2024\/12\/IMG_1748-320x202.jpeg\" class=\"attachment-blog-medium size-blog-medium\" alt=\"\" \/><\/a><\/div><\/div><\/div><div class=\"swiper-slide\"><div class=\"fusion-carousel-item-wrapper\"><div class=\"fusion-image-wrapper hover-type-none\"><a data-rel=\"iLightbox[image_carousel_1]\" data-title=\"IMG_1749\" aria-label=\"IMG_1749\" href=\"http:\/\/www.uni-r.pt\/wp-content\/uploads\/2024\/12\/IMG_1749.jpeg\" target=\"_self\"><img decoding=\"async\" width=\"320\" height=\"202\" src=\"https:\/\/www.uni-r.pt\/wp-content\/uploads\/2024\/12\/IMG_1749-320x202.jpeg\" class=\"attachment-blog-medium size-blog-medium\" alt=\"\" \/><\/a><\/div><\/div><\/div><div class=\"swiper-slide\"><div class=\"fusion-carousel-item-wrapper\"><div class=\"fusion-image-wrapper hover-type-none\"><a data-rel=\"iLightbox[image_carousel_1]\" data-title=\"IMG_1750\" aria-label=\"IMG_1750\" href=\"http:\/\/www.uni-r.pt\/wp-content\/uploads\/2024\/12\/IMG_1750.jpeg\" target=\"_self\"><img decoding=\"async\" width=\"320\" height=\"202\" src=\"https:\/\/www.uni-r.pt\/wp-content\/uploads\/2024\/12\/IMG_1750-320x202.jpeg\" class=\"attachment-blog-medium size-blog-medium\" alt=\"\" \/><\/a><\/div><\/div><\/div><div class=\"swiper-slide\"><div class=\"fusion-carousel-item-wrapper\"><div class=\"fusion-image-wrapper hover-type-none\"><a data-rel=\"iLightbox[image_carousel_1]\" data-title=\"IMG_1751\" aria-label=\"IMG_1751\" href=\"http:\/\/www.uni-r.pt\/wp-content\/uploads\/2024\/12\/IMG_1751.jpeg\" target=\"_self\"><img decoding=\"async\" width=\"320\" height=\"202\" src=\"https:\/\/www.uni-r.pt\/wp-content\/uploads\/2024\/12\/IMG_1751-320x202.jpeg\" class=\"attachment-blog-medium size-blog-medium\" alt=\"\" \/><\/a><\/div><\/div><\/div><div class=\"swiper-slide\"><div class=\"fusion-carousel-item-wrapper\"><div class=\"fusion-image-wrapper hover-type-none\"><a data-rel=\"iLightbox[image_carousel_1]\" data-title=\"IMG_1752\" aria-label=\"IMG_1752\" href=\"http:\/\/www.uni-r.pt\/wp-content\/uploads\/2024\/12\/IMG_1752.jpeg\" target=\"_self\"><img decoding=\"async\" width=\"320\" height=\"202\" src=\"https:\/\/www.uni-r.pt\/wp-content\/uploads\/2024\/12\/IMG_1752-320x202.jpeg\" class=\"attachment-blog-medium size-blog-medium\" alt=\"\" \/><\/a><\/div><\/div><\/div><div class=\"swiper-slide\"><div class=\"fusion-carousel-item-wrapper\"><div class=\"fusion-image-wrapper hover-type-none\"><a data-rel=\"iLightbox[image_carousel_1]\" data-title=\"IMG_1753\" aria-label=\"IMG_1753\" href=\"http:\/\/www.uni-r.pt\/wp-content\/uploads\/2024\/12\/IMG_1753.jpeg\" target=\"_self\"><img decoding=\"async\" width=\"320\" height=\"202\" src=\"https:\/\/www.uni-r.pt\/wp-content\/uploads\/2024\/12\/IMG_1753-320x202.jpeg\" class=\"attachment-blog-medium size-blog-medium\" alt=\"\" \/><\/a><\/div><\/div><\/div><div class=\"swiper-slide\"><div class=\"fusion-carousel-item-wrapper\"><div class=\"fusion-image-wrapper hover-type-none\"><a data-rel=\"iLightbox[image_carousel_1]\" data-title=\"IMG_1754\" aria-label=\"IMG_1754\" href=\"http:\/\/www.uni-r.pt\/wp-content\/uploads\/2024\/12\/IMG_1754.jpeg\" target=\"_self\"><img decoding=\"async\" width=\"320\" height=\"202\" src=\"https:\/\/www.uni-r.pt\/wp-content\/uploads\/2024\/12\/IMG_1754-320x202.jpeg\" class=\"attachment-blog-medium size-blog-medium\" alt=\"\" \/><\/a><\/div><\/div><\/div><div class=\"swiper-slide\"><div class=\"fusion-carousel-item-wrapper\"><div class=\"fusion-image-wrapper hover-type-none\"><a data-rel=\"iLightbox[image_carousel_1]\" data-title=\"IMG_1755\" aria-label=\"IMG_1755\" href=\"http:\/\/www.uni-r.pt\/wp-content\/uploads\/2024\/12\/IMG_1755.jpeg\" target=\"_self\"><img decoding=\"async\" width=\"320\" height=\"202\" src=\"https:\/\/www.uni-r.pt\/wp-content\/uploads\/2024\/12\/IMG_1755-320x202.jpeg\" class=\"attachment-blog-medium size-blog-medium\" alt=\"\" \/><\/a><\/div><\/div><\/div><div class=\"swiper-slide\"><div class=\"fusion-carousel-item-wrapper\"><div class=\"fusion-image-wrapper hover-type-none\"><a data-rel=\"iLightbox[image_carousel_1]\" data-title=\"IMG_1756\" aria-label=\"IMG_1756\" href=\"http:\/\/www.uni-r.pt\/wp-content\/uploads\/2024\/12\/IMG_1756.jpeg\" target=\"_self\"><img decoding=\"async\" width=\"320\" height=\"202\" src=\"https:\/\/www.uni-r.pt\/wp-content\/uploads\/2024\/12\/IMG_1756-320x202.jpeg\" class=\"attachment-blog-medium size-blog-medium\" alt=\"\" \/><\/a><\/div><\/div><\/div><div class=\"swiper-slide\"><div class=\"fusion-carousel-item-wrapper\"><div class=\"fusion-image-wrapper hover-type-none\"><a data-rel=\"iLightbox[image_carousel_1]\" data-title=\"IMG_1757\" aria-label=\"IMG_1757\" href=\"http:\/\/www.uni-r.pt\/wp-content\/uploads\/2024\/12\/IMG_1757.jpeg\" target=\"_self\"><img decoding=\"async\" width=\"320\" height=\"202\" src=\"https:\/\/www.uni-r.pt\/wp-content\/uploads\/2024\/12\/IMG_1757-320x202.jpeg\" class=\"attachment-blog-medium size-blog-medium\" alt=\"\" \/><\/a><\/div><\/div><\/div><div class=\"swiper-slide\"><div class=\"fusion-carousel-item-wrapper\"><div class=\"fusion-image-wrapper hover-type-none\"><a data-rel=\"iLightbox[image_carousel_1]\" data-title=\"IMG_1758\" aria-label=\"IMG_1758\" href=\"http:\/\/www.uni-r.pt\/wp-content\/uploads\/2024\/12\/IMG_1758.jpeg\" target=\"_self\"><img decoding=\"async\" width=\"320\" height=\"202\" src=\"https:\/\/www.uni-r.pt\/wp-content\/uploads\/2024\/12\/IMG_1758-320x202.jpeg\" class=\"attachment-blog-medium size-blog-medium\" alt=\"\" \/><\/a><\/div><\/div><\/div><div class=\"swiper-slide\"><div class=\"fusion-carousel-item-wrapper\"><div class=\"fusion-image-wrapper hover-type-none\"><a data-rel=\"iLightbox[image_carousel_1]\" data-title=\"IMG_1759\" aria-label=\"IMG_1759\" href=\"http:\/\/www.uni-r.pt\/wp-content\/uploads\/2024\/12\/IMG_1759.jpeg\" target=\"_self\"><img decoding=\"async\" width=\"320\" height=\"202\" src=\"https:\/\/www.uni-r.pt\/wp-content\/uploads\/2024\/12\/IMG_1759-320x202.jpeg\" class=\"attachment-blog-medium size-blog-medium\" alt=\"\" \/><\/a><\/div><\/div><\/div><div class=\"swiper-slide\"><div class=\"fusion-carousel-item-wrapper\"><div class=\"fusion-image-wrapper hover-type-none\"><a data-rel=\"iLightbox[image_carousel_1]\" data-title=\"IMG_1760\" aria-label=\"IMG_1760\" href=\"http:\/\/www.uni-r.pt\/wp-content\/uploads\/2024\/12\/IMG_1760.jpeg\" target=\"_self\"><img decoding=\"async\" width=\"320\" height=\"202\" src=\"https:\/\/www.uni-r.pt\/wp-content\/uploads\/2024\/12\/IMG_1760-320x202.jpeg\" class=\"attachment-blog-medium size-blog-medium\" alt=\"\" \/><\/a><\/div><\/div><\/div><div class=\"swiper-slide\"><div class=\"fusion-carousel-item-wrapper\"><div class=\"fusion-image-wrapper hover-type-none\"><a data-rel=\"iLightbox[image_carousel_1]\" data-title=\"IMG_1761\" aria-label=\"IMG_1761\" href=\"http:\/\/www.uni-r.pt\/wp-content\/uploads\/2024\/12\/IMG_1761.jpeg\" target=\"_self\"><img decoding=\"async\" width=\"320\" height=\"202\" src=\"https:\/\/www.uni-r.pt\/wp-content\/uploads\/2024\/12\/IMG_1761-320x202.jpeg\" class=\"attachment-blog-medium size-blog-medium\" alt=\"\" \/><\/a><\/div><\/div><\/div><div class=\"swiper-slide\"><div class=\"fusion-carousel-item-wrapper\"><div class=\"fusion-image-wrapper hover-type-none\"><a data-rel=\"iLightbox[image_carousel_1]\" data-title=\"IMG_1762\" aria-label=\"IMG_1762\" href=\"http:\/\/www.uni-r.pt\/wp-content\/uploads\/2024\/12\/IMG_1762.jpeg\" target=\"_self\"><img decoding=\"async\" width=\"320\" height=\"202\" src=\"https:\/\/www.uni-r.pt\/wp-content\/uploads\/2024\/12\/IMG_1762-320x202.jpeg\" class=\"attachment-blog-medium size-blog-medium\" alt=\"\" \/><\/a><\/div><\/div><\/div><div class=\"swiper-slide\"><div class=\"fusion-carousel-item-wrapper\"><div class=\"fusion-image-wrapper hover-type-none\"><a data-rel=\"iLightbox[image_carousel_1]\" data-title=\"IMG_1763\" aria-label=\"IMG_1763\" href=\"http:\/\/www.uni-r.pt\/wp-content\/uploads\/2024\/12\/IMG_1763.jpeg\" target=\"_self\"><img decoding=\"async\" width=\"320\" height=\"202\" src=\"https:\/\/www.uni-r.pt\/wp-content\/uploads\/2024\/12\/IMG_1763-320x202.jpeg\" class=\"attachment-blog-medium size-blog-medium\" alt=\"\" \/><\/a><\/div><\/div><\/div><div class=\"swiper-slide\"><div class=\"fusion-carousel-item-wrapper\"><div class=\"fusion-image-wrapper hover-type-none\"><a data-rel=\"iLightbox[image_carousel_1]\" data-title=\"WhatsApp Image 2024-11-11 at 15.01.31 (1)\" aria-label=\"WhatsApp Image 2024-11-11 at 15.01.31 (1)\" href=\"http:\/\/www.uni-r.pt\/wp-content\/uploads\/2024\/12\/WhatsApp-Image-2024-11-11-at-15.01.31-1.jpeg\" target=\"_self\"><img decoding=\"async\" width=\"320\" height=\"202\" src=\"https:\/\/www.uni-r.pt\/wp-content\/uploads\/2024\/12\/WhatsApp-Image-2024-11-11-at-15.01.31-1-320x202.jpeg\" class=\"attachment-blog-medium size-blog-medium\" alt=\"\" \/><\/a><\/div><\/div><\/div><div class=\"swiper-slide\"><div class=\"fusion-carousel-item-wrapper\"><div class=\"fusion-image-wrapper hover-type-none\"><a data-rel=\"iLightbox[image_carousel_1]\" data-title=\"WhatsApp Image 2024-11-11 at 15.01.31 (3)\" aria-label=\"WhatsApp Image 2024-11-11 at 15.01.31 (3)\" href=\"http:\/\/www.uni-r.pt\/wp-content\/uploads\/2024\/12\/WhatsApp-Image-2024-11-11-at-15.01.31-3.jpeg\" target=\"_self\"><img decoding=\"async\" width=\"320\" height=\"202\" src=\"https:\/\/www.uni-r.pt\/wp-content\/uploads\/2024\/12\/WhatsApp-Image-2024-11-11-at-15.01.31-3-320x202.jpeg\" class=\"attachment-blog-medium size-blog-medium\" alt=\"\" \/><\/a><\/div><\/div><\/div><div class=\"swiper-slide\"><div class=\"fusion-carousel-item-wrapper\"><div class=\"fusion-image-wrapper hover-type-none\"><a data-rel=\"iLightbox[image_carousel_1]\" data-title=\"WhatsApp Image 2024-11-11 at 15.01.31 (4)\" aria-label=\"WhatsApp Image 2024-11-11 at 15.01.31 (4)\" href=\"http:\/\/www.uni-r.pt\/wp-content\/uploads\/2024\/12\/WhatsApp-Image-2024-11-11-at-15.01.31-4.jpeg\" target=\"_self\"><img decoding=\"async\" width=\"320\" height=\"202\" src=\"https:\/\/www.uni-r.pt\/wp-content\/uploads\/2024\/12\/WhatsApp-Image-2024-11-11-at-15.01.31-4-320x202.jpeg\" class=\"attachment-blog-medium size-blog-medium\" alt=\"\" \/><\/a><\/div><\/div><\/div><div class=\"swiper-slide\"><div class=\"fusion-carousel-item-wrapper\"><div class=\"fusion-image-wrapper hover-type-none\"><a data-rel=\"iLightbox[image_carousel_1]\" data-title=\"WhatsApp Image 2024-11-11 at 15.01.31 (6)\" aria-label=\"WhatsApp Image 2024-11-11 at 15.01.31 (6)\" href=\"http:\/\/www.uni-r.pt\/wp-content\/uploads\/2024\/12\/WhatsApp-Image-2024-11-11-at-15.01.31-6.jpeg\" target=\"_self\"><img decoding=\"async\" width=\"320\" height=\"202\" src=\"https:\/\/www.uni-r.pt\/wp-content\/uploads\/2024\/12\/WhatsApp-Image-2024-11-11-at-15.01.31-6-320x202.jpeg\" class=\"attachment-blog-medium size-blog-medium\" alt=\"\" \/><\/a><\/div><\/div><\/div><div class=\"swiper-slide\"><div class=\"fusion-carousel-item-wrapper\"><div class=\"fusion-image-wrapper hover-type-none\"><a data-rel=\"iLightbox[image_carousel_1]\" data-title=\"WhatsApp Image 2024-11-11 at 15.01.31 (7)\" aria-label=\"WhatsApp Image 2024-11-11 at 15.01.31 (7)\" href=\"http:\/\/www.uni-r.pt\/wp-content\/uploads\/2024\/12\/WhatsApp-Image-2024-11-11-at-15.01.31-7.jpeg\" target=\"_self\"><img decoding=\"async\" width=\"320\" height=\"202\" src=\"https:\/\/www.uni-r.pt\/wp-content\/uploads\/2024\/12\/WhatsApp-Image-2024-11-11-at-15.01.31-7-320x202.jpeg\" class=\"attachment-blog-medium size-blog-medium\" alt=\"\" \/><\/a><\/div><\/div><\/div><div class=\"swiper-slide\"><div class=\"fusion-carousel-item-wrapper\"><div class=\"fusion-image-wrapper hover-type-none\"><a data-rel=\"iLightbox[image_carousel_1]\" data-title=\"WhatsApp Image 2024-11-11 at 15.01.31\" aria-label=\"WhatsApp Image 2024-11-11 at 15.01.31\" href=\"http:\/\/www.uni-r.pt\/wp-content\/uploads\/2024\/12\/WhatsApp-Image-2024-11-11-at-15.01.31.jpeg\" target=\"_self\"><img decoding=\"async\" width=\"320\" height=\"202\" src=\"https:\/\/www.uni-r.pt\/wp-content\/uploads\/2024\/12\/WhatsApp-Image-2024-11-11-at-15.01.31-320x202.jpeg\" class=\"attachment-blog-medium size-blog-medium\" alt=\"\" \/><\/a><\/div><\/div><\/div><\/div><div class=\"awb-swiper-button awb-swiper-button-prev\"><i class=\"awb-icon-angle-left\" aria-hidden=\"true\"><\/i><\/div><div class=\"awb-swiper-button awb-swiper-button-next\"><i class=\"awb-icon-angle-right\" aria-hidden=\"true\"><\/i><\/div><\/div><\/div><\/div><\/div><div class=\"fusion-layout-column fusion_builder_column fusion-builder-column-1 fusion_builder_column_1_3 1_3 fusion-flex-column\" style=\"--awb-bg-size:cover;--awb-width-large:33.333333333333%;--awb-margin-top-large:0px;--awb-spacing-right-large:5.76%;--awb-margin-bottom-large:20px;--awb-spacing-left-large:5.76%;--awb-width-medium:33.333333333333%;--awb-order-medium:0;--awb-spacing-right-medium:5.76%;--awb-spacing-left-medium:5.76%;--awb-width-small:100%;--awb-order-small:0;--awb-spacing-right-small:1.92%;--awb-spacing-left-small:1.92%;\"><div class=\"fusion-column-wrapper fusion-column-has-shadow fusion-flex-justify-content-flex-start fusion-content-layout-column\"><\/div><\/div><\/div><\/div>\n","protected":false},"excerpt":{"rendered":"","protected":false},"author":1,"featured_media":0,"parent":0,"menu_order":0,"comment_status":"closed","ping_status":"closed","template":"100-width.php","meta":{"_acf_changed":false,"footnotes":""},"class_list":["post-527","page","type-page","status-publish","hentry"],"acf":[],"_links":{"self":[{"href":"https:\/\/www.uni-r.pt\/index.php?rest_route=\/wp\/v2\/pages\/527","targetHints":{"allow":["GET"]}}],"collection":[{"href":"https:\/\/www.uni-r.pt\/index.php?rest_route=\/wp\/v2\/pages"}],"about":[{"href":"https:\/\/www.uni-r.pt\/index.php?rest_route=\/wp\/v2\/types\/page"}],"author":[{"embeddable":true,"href":"https:\/\/www.uni-r.pt\/index.php?rest_route=\/wp\/v2\/users\/1"}],"replies":[{"embeddable":true,"href":"https:\/\/www.uni-r.pt\/index.php?rest_route=%2Fwp%2Fv2%2Fcomments&post=527"}],"version-history":[{"count":1,"href":"https:\/\/www.uni-r.pt\/index.php?rest_route=\/wp\/v2\/pages\/527\/revisions"}],"predecessor-version":[{"id":564,"href":"https:\/\/www.uni-r.pt\/index.php?rest_route=\/wp\/v2\/pages\/527\/revisions\/564"}],"wp:attachment":[{"href":"https:\/\/www.uni-r.pt\/index.php?rest_route=%2Fwp%2Fv2%2Fmedia&parent=527"}],"curies":[{"name":"wp","href":"https:\/\/api.w.org\/{rel}","templated":true}]}}