{"id":588,"date":"2025-01-21T15:44:06","date_gmt":"2025-01-21T15:44:06","guid":{"rendered":"https:\/\/www.uni-r.pt\/?page_id=588"},"modified":"2025-11-19T11:43:59","modified_gmt":"2025-11-19T11:43:59","slug":"workshop-estrategias-de-estudo","status":"publish","type":"page","link":"https:\/\/www.uni-r.pt\/?page_id=588","title":{"rendered":"Workshop \u201cEstrat\u00e9gias de Estudo\u201d"},"content":{"rendered":"<div class=\"fusion-fullwidth fullwidth-box fusion-builder-row-1 fusion-flex-container has-pattern-background has-mask-background nonhundred-percent-fullwidth non-hundred-percent-height-scrolling\" style=\"--awb-border-radius-top-left:0px;--awb-border-radius-top-right:0px;--awb-border-radius-bottom-right:0px;--awb-border-radius-bottom-left:0px;--awb-flex-wrap:wrap;\" ><div class=\"fusion-builder-row fusion-row fusion-flex-align-items-flex-start fusion-flex-content-wrap\" style=\"max-width:1248px;margin-left: calc(-4% \/ 2 );margin-right: calc(-4% \/ 2 );\"><div class=\"fusion-layout-column fusion_builder_column fusion-builder-column-0 fusion_builder_column_2_3 2_3 fusion-flex-column\" style=\"--awb-bg-size:cover;--awb-width-large:66.666666666667%;--awb-margin-top-large:0px;--awb-spacing-right-large:2.88%;--awb-margin-bottom-large:20px;--awb-spacing-left-large:2.88%;--awb-width-medium:66.666666666667%;--awb-order-medium:0;--awb-spacing-right-medium:2.88%;--awb-spacing-left-medium:2.88%;--awb-width-small:100%;--awb-order-small:0;--awb-spacing-right-small:1.92%;--awb-spacing-left-small:1.92%;\"><div class=\"fusion-column-wrapper fusion-column-has-shadow fusion-flex-justify-content-flex-start fusion-content-layout-column\"><div class=\"fusion-text fusion-text-1\"><p>No passado dia 13 de Dezembro, entre as 15 e as 17 horas, o Professor Filipe Loureiro e a Professora Ana Lapa realizaram um workshop intitulado \u201cEstrat\u00e9gias de Estudo\u201d para todos os alunos do Ispa. Este workshop teve como objetivo potenciar as estrat\u00e9gias de estudo dos alunos, com base em investiga\u00e7\u00e3o cient\u00edfica sobre o tema, de modo a obterem melhores resultados e a assimilarem melhor as mat\u00e9rias em estudo.<\/p>\n<p style=\"padding-left: 40px;\"><em>\u201cO nosso objetivo com este workshop foi o de capacitar os alunos com estrat\u00e9gias de estudo baseadas em evid\u00eancia cient\u00edfica, promovendo uma aprendizagem mais eficiente e proporcionando, acreditamos, um impacto positivo no seu desempenho acad\u00e9mico e confian\u00e7a, tanto nesta como em futuras \u00e9pocas de avalia\u00e7\u00e3o.\u201d \u2013 <\/em>Filipe Loureiro, um dos docentes respons\u00e1veis pelo Workshop<\/p>\n<p style=\"padding-left: 40px;\"><em>&#8220;Com este workshop, pretendemos partilhar com os estudantes as estrat\u00e9gias de estudo que a investiga\u00e7\u00e3o tem demonstrado serem mais eficazes. Explor\u00e1mos estrat\u00e9gias que envolvem as &#8220;dificuldades desej\u00e1veis&#8221; na aprendizagem, como a utiliza\u00e7\u00e3o de testes e as pr\u00e1ticas de estudo intercaladas e espa\u00e7adas. Explor\u00e1mos estas estrat\u00e9gias de forma din\u00e2mica, para que os estudantes as aprendessem de uma forma eficaz: aprender, fazendo.&#8221;<\/em> \u2013 Ana Lapa, um dos docentes respons\u00e1veis pelo Workshop<\/p>\n<p>A sess\u00e3o, que desde cedo captou a aten\u00e7\u00e3o e o interesse dos alunos, decorreu de forma bastante din\u00e2mica com a apresenta\u00e7\u00e3o de variadas estrat\u00e9gias acompanhadas de muitos exemplos pr\u00e1ticos e did\u00e1ticos.<\/p>\n<p style=\"padding-left: 40px;\">\u201c<em>A meu ver, a atividade superou as minhas expectativas e, sinceramente, a \u00fanica coisa que gostava de apontar \u00e9 que poderia haver um seguimento da mesma para que se possam aprofundar mais estrat\u00e9gias e talvez ver um pouco mais a fundo.<\/em>\u201d \u2013 Um(a) aluno\/a que participou no Workshop<\/p>\n<p style=\"padding-left: 40px;\">\u201c<em>Foi muito importante e interessante. Principalmente por ao longo da sess\u00e3o terem conseguido provar, fazendo experi\u00eancias a quem estava a ouvir, tudo aquilo que estavam a mostrar<\/em>.\u201d \u2013 Um(a) aluno\/a que participou no Workshop<\/p>\n<p>Certamente que s\u00e3o iniciativas como esta que permitem aos alunos melhorarem o seu desempenho acad\u00e9mico e desenvolverem estrat\u00e9gias de trabalho para o seu futuro profissional. Quem sabe, a mesma n\u00e3o contar\u00e1 com uma segunda edi\u00e7\u00e3o\u2026<\/p>\n<\/div><\/div><\/div><div class=\"fusion-layout-column fusion_builder_column fusion-builder-column-1 fusion_builder_column_1_3 1_3 fusion-flex-column\" style=\"--awb-bg-size:cover;--awb-width-large:33.333333333333%;--awb-margin-top-large:0px;--awb-spacing-right-large:5.76%;--awb-margin-bottom-large:20px;--awb-spacing-left-large:5.76%;--awb-width-medium:33.333333333333%;--awb-order-medium:0;--awb-spacing-right-medium:5.76%;--awb-spacing-left-medium:5.76%;--awb-width-small:100%;--awb-order-small:0;--awb-spacing-right-small:1.92%;--awb-spacing-left-small:1.92%;\"><div class=\"fusion-column-wrapper fusion-column-has-shadow fusion-flex-justify-content-flex-start fusion-content-layout-column\"><div class=\"fusion-image-element \" style=\"--awb-caption-title-font-family:var(--h2_typography-font-family);--awb-caption-title-font-weight:var(--h2_typography-font-weight);--awb-caption-title-font-style:var(--h2_typography-font-style);--awb-caption-title-size:var(--h2_typography-font-size);--awb-caption-title-transform:var(--h2_typography-text-transform);--awb-caption-title-line-height:var(--h2_typography-line-height);--awb-caption-title-letter-spacing:var(--h2_typography-letter-spacing);\"><span class=\" fusion-imageframe imageframe-none imageframe-1 hover-type-none\"><img decoding=\"async\" width=\"566\" height=\"800\" title=\"CARTAZ_Workshop (1)\" src=\"http:\/\/www.uni-r.pt\/wp-content\/uploads\/2025\/01\/CARTAZ_Workshop-1.png\" alt class=\"img-responsive wp-image-591\" srcset=\"https:\/\/www.uni-r.pt\/wp-content\/uploads\/2025\/01\/CARTAZ_Workshop-1-200x283.png 200w, https:\/\/www.uni-r.pt\/wp-content\/uploads\/2025\/01\/CARTAZ_Workshop-1-400x565.png 400w, https:\/\/www.uni-r.pt\/wp-content\/uploads\/2025\/01\/CARTAZ_Workshop-1.png 566w\" sizes=\"(max-width: 640px) 100vw, 400px\" \/><\/span><\/div><\/div><\/div><\/div><\/div>\n","protected":false},"excerpt":{"rendered":"","protected":false},"author":1,"featured_media":0,"parent":0,"menu_order":0,"comment_status":"closed","ping_status":"closed","template":"100-width.php","meta":{"_acf_changed":false,"footnotes":""},"class_list":["post-588","page","type-page","status-publish","hentry"],"acf":[],"_links":{"self":[{"href":"https:\/\/www.uni-r.pt\/index.php?rest_route=\/wp\/v2\/pages\/588","targetHints":{"allow":["GET"]}}],"collection":[{"href":"https:\/\/www.uni-r.pt\/index.php?rest_route=\/wp\/v2\/pages"}],"about":[{"href":"https:\/\/www.uni-r.pt\/index.php?rest_route=\/wp\/v2\/types\/page"}],"author":[{"embeddable":true,"href":"https:\/\/www.uni-r.pt\/index.php?rest_route=\/wp\/v2\/users\/1"}],"replies":[{"embeddable":true,"href":"https:\/\/www.uni-r.pt\/index.php?rest_route=%2Fwp%2Fv2%2Fcomments&post=588"}],"version-history":[{"count":5,"href":"https:\/\/www.uni-r.pt\/index.php?rest_route=\/wp\/v2\/pages\/588\/revisions"}],"predecessor-version":[{"id":1456,"href":"https:\/\/www.uni-r.pt\/index.php?rest_route=\/wp\/v2\/pages\/588\/revisions\/1456"}],"wp:attachment":[{"href":"https:\/\/www.uni-r.pt\/index.php?rest_route=%2Fwp%2Fv2%2Fmedia&parent=588"}],"curies":[{"name":"wp","href":"https:\/\/api.w.org\/{rel}","templated":true}]}}