{"id":912,"date":"2025-05-07T08:48:42","date_gmt":"2025-05-07T08:48:42","guid":{"rendered":"https:\/\/www.uni-r.pt\/?page_id=912"},"modified":"2025-05-07T08:50:03","modified_gmt":"2025-05-07T08:50:03","slug":"voando-sobre-um-ninho-de-cucos","status":"publish","type":"page","link":"https:\/\/www.uni-r.pt\/?page_id=912","title":{"rendered":"Voando sobre um ninho de cucos"},"content":{"rendered":"<div class=\"fusion-fullwidth fullwidth-box fusion-builder-row-1 fusion-flex-container has-pattern-background has-mask-background nonhundred-percent-fullwidth non-hundred-percent-height-scrolling\" style=\"--awb-border-radius-top-left:0px;--awb-border-radius-top-right:0px;--awb-border-radius-bottom-right:0px;--awb-border-radius-bottom-left:0px;--awb-flex-wrap:wrap;\" ><div class=\"fusion-builder-row fusion-row fusion-flex-align-items-flex-start fusion-flex-content-wrap\" style=\"max-width:1248px;margin-left: calc(-4% \/ 2 );margin-right: calc(-4% \/ 2 );\"><div class=\"fusion-layout-column fusion_builder_column fusion-builder-column-0 fusion_builder_column_2_3 2_3 fusion-flex-column\" style=\"--awb-bg-size:cover;--awb-width-large:66.666666666667%;--awb-margin-top-large:0px;--awb-spacing-right-large:2.88%;--awb-margin-bottom-large:20px;--awb-spacing-left-large:2.88%;--awb-width-medium:66.666666666667%;--awb-order-medium:0;--awb-spacing-right-medium:2.88%;--awb-spacing-left-medium:2.88%;--awb-width-small:100%;--awb-order-small:0;--awb-spacing-right-small:1.92%;--awb-spacing-left-small:1.92%;\"><div class=\"fusion-column-wrapper fusion-column-has-shadow fusion-flex-justify-content-flex-start fusion-content-layout-column\"><div class=\"fusion-text fusion-text-1\" style=\"--awb-content-alignment:justify;\"><p><em>Apresenta\u00e7\u00e3o do filme <\/em><em>One Flew Over the Cuckoo\u2019s Nest, de Milos Forman<br \/>\npor Jo\u00e3o Lopes<\/em><\/p>\n<p>Os grandes filmes s\u00e3o um produto directo, ainda que n\u00e3o necessariamente expl\u00edcito, da \u00e9poca em que surgiram. Transportam consigo as respectivas marcas e, ao mesmo tempo, atrav\u00e9s do tempo, v\u00e3o consolidando uma identidade que transcende o contexto em que foram gerados. O exemplo da produ\u00e7\u00e3o americana de 1975 \u00e9 especialmente curioso. O grande fen\u00f3meno das bilheteiras foi <strong>\u201cTubar\u00e3o\u201d, de Steven Spielberg<\/strong>, tradicionalmente (e com toda a justifica\u00e7\u00e3o) classificado como o primeiro \u201c<em>blockbuster<\/em>\u201d dos tempos modernos. Acontece que o segundo t\u00edtulo do <em>top<\/em> dos mais populares foi um objecto bem diferente. A saber: <strong>\u201cVoando sobre um Ninho de Cucos\u201d, a adapta\u00e7\u00e3o do romance de Ken Kesey realizada por Milos Forman.<\/strong><\/p>\n<p>O simples reconhecimento das muitas diferen\u00e7as entre os dois filmes tende a fazer-nos passar ao lado de uma componente simb\u00f3lica que, no plano filos\u00f3fico, os aproxima. Que h\u00e1, de facto, de comum entre a trag\u00e9dia de uma tradicional cidadezinha americana atacada por um tubar\u00e3o e a saga de um condenado que, fingindo dist\u00farbios psicol\u00f3gicos para tentar atenuar a sua pena, acaba por ser \u201cintegrado\u201d numa institui\u00e7\u00e3o para doentes mentais?<\/p>\n<p>Para l\u00e1 das muitas nuances que a pergunta possa suscitar, importa reconhecer uma muito b\u00e1sica e sugestiva dualidade. A saber: <strong>a decomposi\u00e7\u00e3o de qualquer no\u00e7\u00e3o redentora da ideia de Natureza<\/strong> (sim, com mai\u00fascula!) instala uma crise que n\u00e3o \u00e9 estranha, bem pelo contr\u00e1rio, ao s\u00fabito confronto com a complexidade do factor humano \u2014 e, nessa medida, com a desagrega\u00e7\u00e3o das cl\u00e1ssicas matrizes humanistas.<\/p>\n<p>O tubar\u00e3o \u00e9 essa \u201ccoisa\u201d monstruosa que contraria qualquer princ\u00edpio id\u00edlico de conviv\u00eancia com os elementos naturais, virando do avesso um certo imagin\u00e1rio que, no cinema, tinha e continua a ter a sua imagem de marca no universo das produ\u00e7\u00f5es <em>Disney<\/em>. Paralelamente, Randle McMurphy, a personagem interpretada por Jack Nicholson em \u201cVoando sobre um Ninho de Cucos\u201d, surge como uma entidade de v\u00e1rios rostos que mergulha nas atribula\u00e7\u00f5es da pr\u00f3pria sa\u00fade mental. Trata-se de um dispositivo dram\u00e1tico em que Randle funciona como primeiro espectador da sua pr\u00f3pria instabilidade e, nessa medida, da agita\u00e7\u00e3o de valores em que participa e, em grande parte, ajuda a desencadear.<\/p>\n<p>Mesmo sem qualquer car\u00e1cter exaustivo, vale a pena recordar que o reconhecimento dos problemas de sa\u00fade mental como algo mais do que um t\u00f3pico exclusivamente \u201canal\u00edtico\u201d \u2014 porque, no limite, visceralmente social \u2014 vinha h\u00e1 alguns anos a contaminar a produ\u00e7\u00e3o de Hollywood, desafiando o seu sistema cl\u00e1ssico de narrativas. Sem qualquer preocupa\u00e7\u00e3o exaustiva, lembremos apenas tr\u00eas exemplos: primeiro, \u201cBruscamente no Ver\u00e3o Passado\u201d (1959), em que, tendo como base a pe\u00e7a de Tennessee Williams, Joseph L. Mankiewicz exp\u00f5e as ambival\u00eancias da rela\u00e7\u00e3o entre uma paciente (Elizabeth Taylor) e o seu analista (Montgomery Clift); depois, \u201cUma Crian\u00e7a \u00e0 Espera\u201d (1963), filme infelizmente muito esquecido ou, pelo menos, pouco visto, em que John Cassavetes, neste caso apenas como realizador, filma a admir\u00e1vel Judy Garland no centro de um drama passado no interior de uma institui\u00e7\u00e3o para crian\u00e7as com perturba\u00e7\u00f5es emocionais; enfim, \u201cCharly\u201d (1968), de Ralph Nelson, com Cliff Robertson a viver os desequil\u00edbrios de algu\u00e9m que se transfigura, ou \u00e9 transfigurado, em espelho paradoxal da pr\u00f3pria ci\u00eancia que tenta estud\u00e1-lo e compreend\u00ea-lo.<\/p>\n<p>Nesta perspectiva, n\u00e3o ser\u00e1 demais sublinhar que \u201cVoando sobre um Ninho de Cucos\u201d <strong>desempenhou um papel importante na discuss\u00e3o, n\u00e3o apenas da percep\u00e7\u00e3o e estudo das doen\u00e7as mentais, mas tamb\u00e9m da sua inser\u00e7\u00e3o nas din\u00e2micas sociais das rela\u00e7\u00f5es humanas<\/strong>. Ser\u00e1 preciso recordar que as d\u00e9cadas de 1960\/70 s\u00e3o atravessadas por muitos, e muito vivos, debates entre o espa\u00e7o cl\u00e1ssico da psiquiatria e as cr\u00edticas formuladas no universo multifacetado da anti-psiquiatria? Sem esquecer, j\u00e1 agora, que R. D. Laing, nome fulcral desse universo, n\u00e3o mostrava grande simpatia pelo pr\u00f3prio r\u00f3tulo de \u201canti-psiquiatria\u201d.<\/p>\n<p>Em boa verdade, creio que devemos alargar o foco de qualquer an\u00e1lise de \u201cVoando sobre um Ninho de Cucos\u201d para l\u00e1 de um enquadramento apenas cient\u00edfico (o que, insisto, em nada diminui o valor hist\u00f3rico do filme de Forman nos debates de h\u00e1 meio s\u00e9culo sobre a sa\u00fade mental). Isto porque estamos perante um objecto cuja riqueza tem\u00e1tica e narrativa n\u00e3o pode ser dissociada de um contexto de vida e pensamento que, de acordo com a designa\u00e7\u00e3o criada pelo escritor e professor Theodore Roszak, <strong>entrou na hist\u00f3ria das ideias e dos pa\u00edses (sobretudo dos EUA) como c<em>ontracultura<\/em><\/strong>.<\/p>\n<p>Em termos esquem\u00e1ticos, das can\u00e7\u00f5es de Janis Joplin ou Bob Dylan at\u00e9 \u00e0 poesia de Allen Ginsberg e \u00e0 escrita de William S. Burroughs, passando por filmes como \u201cEasy Rider\u201d (Dennis Hopper, 1969 \u2014 tamb\u00e9m com Jack Nicholson num dos principais pap\u00e9is), a contracultura foi muito mais do que um conjunto de produtos art\u00edsticos de \u201ccontesta\u00e7\u00e3o\u201d. Em grande parte gerada pelos movimentos contra a guerra do Vietname, contaminada pela euforia, e consequentes equ\u00edvocos, do movimento <em>hippie<\/em>, a contracultura foi uma vaga gigante de energia social capaz de problematizar e discutir a pr\u00f3pria perten\u00e7a do cidad\u00e3o a um determinado contexto social.<\/p>\n<p>Que lugar \u00e9 o nosso? <em>Que lugar \u00e9 o meu?<\/em> Eis a interroga\u00e7\u00e3o que perpassa, n\u00e3o apenas no comportamento de Randle\/Nicholson, mas na situa\u00e7\u00e3o de qualquer personagem daquele asilo. Da\u00ed a ilegibilidade do t\u00edtulo portugu\u00eas, j\u00e1 que, na l\u00edngua inglesa, \u201ccuckoo\u201d pode ser tamb\u00e9m uma forma de designar de forma ir\u00f3nica, por vezes cruel, algu\u00e9m cujo estado mental est\u00e1 longe de ser equilibrado. O ninho de que se fala \u00e9, por isso, o cen\u00e1rio de uma fam\u00edlia que j\u00e1 n\u00e3o existe a n\u00e3o ser como utopia perdida.<\/p>\n<\/div><div class=\"fusion-text fusion-text-2\"><div class=\"video-shortcode\">\n<blockquote class=\"wp-embedded-content\" data-secret=\"kagRrLngdF\">\n<p><a href=\"https:\/\/www.ispa.pt\/agenda\/eventos\/ciclo-cinema-e-saude-mental-voando-sobre-um-ninho-de-cucos\/\">Ciclo &#8220;Cinema e Sa\u00fade Mental&#8221;: &#8216;Voando sobre um Ninho de Cucos&#8217;<\/a><\/p>\n<\/blockquote>\n<p><iframe class=\"wp-embedded-content\" sandbox=\"allow-scripts\" security=\"restricted\" style=\"position: absolute; visibility: hidden;\" title=\"&#8220;Ciclo &#8220;Cinema e Sa\u00fade Mental&#8221;: &#8216;Voando sobre um Ninho de Cucos&#8217;&#8221; &#8212; Ispa \u2013 Instituto Universit\u00e1rio\" src=\"https:\/\/www.ispa.pt\/agenda\/eventos\/ciclo-cinema-e-saude-mental-voando-sobre-um-ninho-de-cucos\/embed\/#?secret=hfFmHHNMsI#?secret=kagRrLngdF\" data-secret=\"kagRrLngdF\" width=\"600\" height=\"338\" frameborder=\"0\" marginwidth=\"0\" marginheight=\"0\" scrolling=\"no\"><\/iframe><\/div>\n<\/div><div class=\"fusion-image-carousel fusion-image-carousel-fixed fusion-image-carousel-1 lightbox-enabled fusion-carousel-border\"><div class=\"awb-carousel awb-swiper awb-swiper-carousel awb-carousel--carousel awb-swiper-dots-position-bottom\" data-layout=\"carousel\" data-autoplay=\"no\" data-autoplayspeed=\"2500\" data-autoplaypause=\"no\" data-loop=\"yes\" data-columns=\"5\" data-columnsmedium=\"1\" data-columnssmall=\"1\" data-itemmargin=\"13\" data-itemwidth=\"180\" data-touchscroll=\"no\" data-freemode=\"no\" data-imagesize=\"fixed\" data-scrollitems=\"0\" data-centeredslides=\"no\" data-rotationangle=\"50\" data-depth=\"100\" data-speed=\"500\" data-shadow=\"no\" data-pagination=\"bullets\" style=\"--awb-border-width:1px;--awb-border-color:#e9eaee;--awb-dots-align:center;\"><div class=\"swiper-wrapper awb-image-carousel-wrapper fusion-flex-align-items-center\"><div class=\"swiper-slide\"><div class=\"fusion-carousel-item-wrapper\"><div class=\"fusion-image-wrapper hover-type-none\"><a data-rel=\"iLightbox[image_carousel_1]\" data-title=\"IMG_0188\" aria-label=\"IMG_0188\" href=\"http:\/\/www.uni-r.pt\/wp-content\/uploads\/2025\/05\/IMG_0188-scaled.jpg\" target=\"_self\"><img decoding=\"async\" width=\"320\" height=\"202\" src=\"https:\/\/www.uni-r.pt\/wp-content\/uploads\/2025\/05\/IMG_0188-320x202.jpg\" class=\"attachment-blog-medium size-blog-medium\" alt=\"\" \/><\/a><\/div><\/div><\/div><div class=\"swiper-slide\"><div class=\"fusion-carousel-item-wrapper\"><div class=\"fusion-image-wrapper hover-type-none\"><a data-rel=\"iLightbox[image_carousel_1]\" data-title=\"IMG_0189\" aria-label=\"IMG_0189\" href=\"http:\/\/www.uni-r.pt\/wp-content\/uploads\/2025\/05\/IMG_0189-scaled.jpg\" target=\"_self\"><img decoding=\"async\" width=\"320\" height=\"202\" src=\"https:\/\/www.uni-r.pt\/wp-content\/uploads\/2025\/05\/IMG_0189-320x202.jpg\" class=\"attachment-blog-medium size-blog-medium\" alt=\"\" \/><\/a><\/div><\/div><\/div><div class=\"swiper-slide\"><div class=\"fusion-carousel-item-wrapper\"><div class=\"fusion-image-wrapper hover-type-none\"><a data-rel=\"iLightbox[image_carousel_1]\" data-title=\"IMG_0190\" aria-label=\"IMG_0190\" href=\"http:\/\/www.uni-r.pt\/wp-content\/uploads\/2025\/05\/IMG_0190-scaled.jpg\" target=\"_self\"><img decoding=\"async\" width=\"320\" height=\"202\" src=\"https:\/\/www.uni-r.pt\/wp-content\/uploads\/2025\/05\/IMG_0190-320x202.jpg\" class=\"attachment-blog-medium size-blog-medium\" alt=\"\" \/><\/a><\/div><\/div><\/div><div class=\"swiper-slide\"><div class=\"fusion-carousel-item-wrapper\"><div class=\"fusion-image-wrapper hover-type-none\"><a data-rel=\"iLightbox[image_carousel_1]\" data-title=\"IMG_0191\" aria-label=\"IMG_0191\" href=\"http:\/\/www.uni-r.pt\/wp-content\/uploads\/2025\/05\/IMG_0191-scaled.jpg\" target=\"_self\"><img decoding=\"async\" width=\"320\" height=\"202\" src=\"https:\/\/www.uni-r.pt\/wp-content\/uploads\/2025\/05\/IMG_0191-320x202.jpg\" class=\"attachment-blog-medium size-blog-medium\" alt=\"\" \/><\/a><\/div><\/div><\/div><div class=\"swiper-slide\"><div class=\"fusion-carousel-item-wrapper\"><div class=\"fusion-image-wrapper hover-type-none\"><a data-rel=\"iLightbox[image_carousel_1]\" data-title=\"IMG_0192\" aria-label=\"IMG_0192\" href=\"http:\/\/www.uni-r.pt\/wp-content\/uploads\/2025\/05\/IMG_0192-scaled.jpg\" target=\"_self\"><img decoding=\"async\" width=\"320\" height=\"202\" src=\"https:\/\/www.uni-r.pt\/wp-content\/uploads\/2025\/05\/IMG_0192-320x202.jpg\" class=\"attachment-blog-medium size-blog-medium\" alt=\"\" \/><\/a><\/div><\/div><\/div><div class=\"swiper-slide\"><div class=\"fusion-carousel-item-wrapper\"><div class=\"fusion-image-wrapper hover-type-none\"><a data-rel=\"iLightbox[image_carousel_1]\" data-title=\"IMG_0193\" aria-label=\"IMG_0193\" href=\"http:\/\/www.uni-r.pt\/wp-content\/uploads\/2025\/05\/IMG_0193-scaled.jpg\" target=\"_self\"><img decoding=\"async\" width=\"320\" height=\"202\" src=\"https:\/\/www.uni-r.pt\/wp-content\/uploads\/2025\/05\/IMG_0193-320x202.jpg\" class=\"attachment-blog-medium size-blog-medium\" alt=\"\" \/><\/a><\/div><\/div><\/div><div class=\"swiper-slide\"><div class=\"fusion-carousel-item-wrapper\"><div class=\"fusion-image-wrapper hover-type-none\"><a data-rel=\"iLightbox[image_carousel_1]\" data-title=\"IMG_0194\" aria-label=\"IMG_0194\" href=\"http:\/\/www.uni-r.pt\/wp-content\/uploads\/2025\/05\/IMG_0194-scaled.jpg\" target=\"_self\"><img decoding=\"async\" width=\"320\" height=\"202\" src=\"https:\/\/www.uni-r.pt\/wp-content\/uploads\/2025\/05\/IMG_0194-320x202.jpg\" class=\"attachment-blog-medium size-blog-medium\" alt=\"\" \/><\/a><\/div><\/div><\/div><\/div><div class=\"awb-swiper-button awb-swiper-button-prev\"><i class=\"awb-icon-angle-left\" aria-hidden=\"true\"><\/i><\/div><div class=\"awb-swiper-button awb-swiper-button-next\"><i class=\"awb-icon-angle-right\" aria-hidden=\"true\"><\/i><\/div><\/div><\/div><\/div><\/div><div class=\"fusion-layout-column fusion_builder_column fusion-builder-column-1 fusion_builder_column_1_3 1_3 fusion-flex-column\" style=\"--awb-bg-size:cover;--awb-width-large:33.333333333333%;--awb-margin-top-large:0px;--awb-spacing-right-large:5.76%;--awb-margin-bottom-large:20px;--awb-spacing-left-large:5.76%;--awb-width-medium:33.333333333333%;--awb-order-medium:0;--awb-spacing-right-medium:5.76%;--awb-spacing-left-medium:5.76%;--awb-width-small:100%;--awb-order-small:0;--awb-spacing-right-small:1.92%;--awb-spacing-left-small:1.92%;\"><div class=\"fusion-column-wrapper fusion-column-has-shadow fusion-flex-justify-content-flex-start fusion-content-layout-column\"><div class=\"fusion-image-element \" style=\"--awb-caption-title-font-family:var(--h2_typography-font-family);--awb-caption-title-font-weight:var(--h2_typography-font-weight);--awb-caption-title-font-style:var(--h2_typography-font-style);--awb-caption-title-size:var(--h2_typography-font-size);--awb-caption-title-transform:var(--h2_typography-text-transform);--awb-caption-title-line-height:var(--h2_typography-line-height);--awb-caption-title-letter-spacing:var(--h2_typography-letter-spacing);\"><span class=\" fusion-imageframe imageframe-none imageframe-1 hover-type-none\"><img decoding=\"async\" width=\"843\" height=\"1192\" title=\"Cartaz\" src=\"http:\/\/www.uni-r.pt\/wp-content\/uploads\/2025\/05\/Cartaz.png\" alt class=\"img-responsive wp-image-920\" srcset=\"https:\/\/www.uni-r.pt\/wp-content\/uploads\/2025\/05\/Cartaz-200x283.png 200w, https:\/\/www.uni-r.pt\/wp-content\/uploads\/2025\/05\/Cartaz-400x566.png 400w, https:\/\/www.uni-r.pt\/wp-content\/uploads\/2025\/05\/Cartaz-600x848.png 600w, https:\/\/www.uni-r.pt\/wp-content\/uploads\/2025\/05\/Cartaz-800x1131.png 800w, https:\/\/www.uni-r.pt\/wp-content\/uploads\/2025\/05\/Cartaz.png 843w\" sizes=\"(max-width: 640px) 100vw, 400px\" \/><\/span><\/div><\/div><\/div><\/div><\/div>\n","protected":false},"excerpt":{"rendered":"","protected":false},"author":1,"featured_media":0,"parent":0,"menu_order":0,"comment_status":"closed","ping_status":"closed","template":"100-width.php","meta":{"_acf_changed":false,"footnotes":""},"class_list":["post-912","page","type-page","status-publish","hentry"],"acf":[],"_links":{"self":[{"href":"https:\/\/www.uni-r.pt\/index.php?rest_route=\/wp\/v2\/pages\/912","targetHints":{"allow":["GET"]}}],"collection":[{"href":"https:\/\/www.uni-r.pt\/index.php?rest_route=\/wp\/v2\/pages"}],"about":[{"href":"https:\/\/www.uni-r.pt\/index.php?rest_route=\/wp\/v2\/types\/page"}],"author":[{"embeddable":true,"href":"https:\/\/www.uni-r.pt\/index.php?rest_route=\/wp\/v2\/users\/1"}],"replies":[{"embeddable":true,"href":"https:\/\/www.uni-r.pt\/index.php?rest_route=%2Fwp%2Fv2%2Fcomments&post=912"}],"version-history":[{"count":2,"href":"https:\/\/www.uni-r.pt\/index.php?rest_route=\/wp\/v2\/pages\/912\/revisions"}],"predecessor-version":[{"id":922,"href":"https:\/\/www.uni-r.pt\/index.php?rest_route=\/wp\/v2\/pages\/912\/revisions\/922"}],"wp:attachment":[{"href":"https:\/\/www.uni-r.pt\/index.php?rest_route=%2Fwp%2Fv2%2Fmedia&parent=912"}],"curies":[{"name":"wp","href":"https:\/\/api.w.org\/{rel}","templated":true}]}}